CRAN Package Check Results for Package peakRAM

Last updated on 2025-02-16 08:50:56 CET.

Flavor Version Tinstall Tcheck Ttotal Status Flags
r-devel-linux-x86_64-debian-clang 1.0.2 1.59 21.26 22.85 OK
r-devel-linux-x86_64-debian-gcc 1.0.2 1.24 18.85 20.09 OK
r-devel-linux-x86_64-fedora-clang 1.0.2 38.18 OK
r-devel-linux-x86_64-fedora-gcc 1.0.2 49.65 OK
r-devel-macos-arm64 1.0.2 20.00 OK
r-devel-macos-x86_64 1.0.2 34.00 OK
r-devel-windows-x86_64 1.0.2 3.00 49.00 52.00 OK
r-patched-linux-x86_64 1.0.2 1.44 20.97 22.41 NOTE
r-release-linux-x86_64 1.0.2 1.45 21.18 22.63 NOTE
r-release-macos-arm64 1.0.2 20.00 NOTE
r-release-macos-x86_64 1.0.2 32.00 NOTE
r-release-windows-x86_64 1.0.2 3.00 47.00 50.00 NOTE
r-oldrel-macos-arm64 1.0.2 25.00 NOTE
r-oldrel-macos-x86_64 1.0.2 34.00 NOTE
r-oldrel-windows-x86_64 1.0.2 3.00 67.00 70.00 NOTE

Check Details

Version: 1.0.2
Check: LazyData
Result: NOTE 'LazyData' is specified without a 'data' directory Flavors: r-patched-linux-x86_64, r-release-linux-x86_64, r-release-macos-arm64, r-release-macos-x86_64, r-release-windows-x86_64, r-oldrel-macos-arm64, r-oldrel-macos-x86_64, r-oldrel-windows-x86_64

These binaries (installable software) and packages are in development.
They may not be fully stable and should be used with caution. We make no claims about them.