CRAN Package Check Results for Package pec

Last updated on 2025-05-21 21:49:25 CEST.

Flavor Version Tinstall Tcheck Ttotal Status Flags
r-devel-linux-x86_64-debian-clang 2023.04.12 13.33 101.99 115.32 NOTE
r-devel-linux-x86_64-debian-gcc 2023.04.12 9.96 72.83 82.79 NOTE
r-devel-linux-x86_64-fedora-clang 2023.04.12 185.37 OK
r-devel-linux-x86_64-fedora-gcc 2023.04.12 174.39 OK
r-devel-windows-x86_64 2023.04.12 22.00 121.00 143.00 NOTE
r-patched-linux-x86_64 2023.04.12 14.45 96.62 111.07 NOTE
r-release-linux-x86_64 2023.04.12 12.54 96.18 108.72 NOTE
r-release-macos-arm64 2023.04.12 50.00 OK
r-release-macos-x86_64 2023.04.12 93.00 OK
r-release-windows-x86_64 2023.04.12 21.00 123.00 144.00 NOTE
r-oldrel-macos-arm64 2023.04.12 51.00 OK
r-oldrel-macos-x86_64 2023.04.12 76.00 OK
r-oldrel-windows-x86_64 2023.04.12 27.00 139.00 166.00 OK

Check Details

Version: 2023.04.12
Check: CRAN incoming feasibility
Result: NOTE Maintainer: ‘Thomas A. Gerds <tag@biostat.ku.dk>’ No Authors@R field in DESCRIPTION. Please add one, modifying Authors@R: person(given = c("Thomas", "A."), family = "Gerds", role = c("aut", "cre"), email = "tag@biostat.ku.dk") as necessary. Flavors: r-devel-linux-x86_64-debian-clang, r-devel-linux-x86_64-debian-gcc

Version: 2023.04.12
Check: Rd cross-references
Result: NOTE Found the following Rd file(s) with Rd \link{} targets missing package anchors: calPlot.Rd: SmartControl, dpik coxboost.Rd: Hist plot.pec.Rd: prodlim plotPredictEventProb.Rd: SmartControl, prodlim plotPredictSurvProb.Rd: SmartControl, prodlim predictRestrictedMeanTime.Rd: survfit predictSurvProb.Rd: survfit selectCox.Rd: fastbw Please provide package anchors for all Rd \link{} targets not in the package itself and the base packages. Flavors: r-devel-linux-x86_64-debian-clang, r-devel-linux-x86_64-debian-gcc, r-devel-windows-x86_64, r-patched-linux-x86_64, r-release-linux-x86_64, r-release-windows-x86_64

These binaries (installable software) and packages are in development.
They may not be fully stable and should be used with caution. We make no claims about them.