Last updated on 2025-07-26 21:50:00 CEST.
Flavor | Version | Tinstall | Tcheck | Ttotal | Status | Flags |
---|---|---|---|---|---|---|
r-devel-linux-x86_64-debian-clang | 2.0.3 | 81.54 | 214.35 | 295.89 | OK | |
r-devel-linux-x86_64-debian-gcc | 2.0.3 | 86.93 | 123.32 | 210.25 | OK | |
r-devel-linux-x86_64-fedora-clang | 2.0.3 | 494.18 | OK | |||
r-devel-linux-x86_64-fedora-gcc | 2.0.3 | 538.54 | OK | |||
r-devel-windows-x86_64 | 2.0.3 | 128.00 | 220.00 | 348.00 | OK | |
r-patched-linux-x86_64 | 2.0.3 | 126.66 | 182.58 | 309.24 | OK | |
r-release-linux-x86_64 | 2.0.3 | 133.23 | 180.82 | 314.05 | OK | |
r-release-macos-arm64 | 2.0.3 | 145.00 | OK | |||
r-release-macos-x86_64 | 2.0.3 | 272.00 | OK | |||
r-release-windows-x86_64 | 2.0.3 | 126.00 | 199.00 | 325.00 | OK | |
r-oldrel-macos-arm64 | 2.0.3 | 144.00 | NOTE | |||
r-oldrel-macos-x86_64 | 2.0.3 | 262.00 | NOTE | |||
r-oldrel-windows-x86_64 | 2.0.3 | 306.00 | 295.00 | 601.00 | OK |
Version: 2.0.3
Check: installed package size
Result: NOTE
installed size is 5.7Mb
sub-directories of 1Mb or more:
libs 3.9Mb
Flavors: r-oldrel-macos-arm64, r-oldrel-macos-x86_64
These binaries (installable software) and packages are in development.
They may not be fully stable and should be used with caution. We make no claims about them.