Last updated on 2025-11-13 21:50:04 CET.
| Flavor | Version | Tinstall | Tcheck | Ttotal | Status | Flags |
|---|---|---|---|---|---|---|
| r-devel-linux-x86_64-debian-clang | 4.1 | 17.20 | 252.15 | 269.35 | OK | |
| r-devel-linux-x86_64-debian-gcc | 4.1 | 12.93 | 166.58 | 179.51 | OK | |
| r-devel-linux-x86_64-fedora-clang | 4.1 | 41.00 | 383.15 | 424.15 | OK | |
| r-devel-linux-x86_64-fedora-gcc | 4.1 | 41.00 | 357.87 | 398.87 | OK | |
| r-devel-windows-x86_64 | 4.1 | 20.00 | 229.00 | 249.00 | OK | |
| r-patched-linux-x86_64 | 4.1 | 18.43 | 237.53 | 255.96 | OK | |
| r-release-linux-x86_64 | 4.1 | 18.15 | 240.14 | 258.29 | OK | |
| r-release-macos-arm64 | 4.1 | 5.00 | ERROR | |||
| r-release-macos-x86_64 | 4.1 | 6.00 | ERROR | |||
| r-release-windows-x86_64 | 4.1 | 19.00 | 225.00 | 244.00 | OK | |
| r-oldrel-macos-arm64 | 4.1 | 9.00 | ERROR | |||
| r-oldrel-macos-x86_64 | 4.1 | 11.00 | ERROR | |||
| r-oldrel-windows-x86_64 | 4.1 | 26.00 | 259.00 | 285.00 | OK |
Version: 4.1
Check: package dependencies
Result: ERROR
Package required but not available: ‘Pedixplorer’
See section ‘The DESCRIPTION file’ in the ‘Writing R Extensions’
manual.
Flavors: r-release-macos-arm64, r-release-macos-x86_64, r-oldrel-macos-arm64, r-oldrel-macos-x86_64
These binaries (installable software) and packages are in development.
They may not be fully stable and should be used with caution. We make no claims about them.