Last updated on 2025-11-11 19:51:46 CET.
| Flavor | Version | Tinstall | Tcheck | Ttotal | Status | Flags |
|---|---|---|---|---|---|---|
| r-devel-linux-x86_64-debian-clang | 0.12.1 | 12.04 | 45.60 | 57.64 | NOTE | |
| r-devel-linux-x86_64-debian-gcc | 0.12.1 | 7.03 | 32.92 | 39.95 | NOTE | |
| r-devel-linux-x86_64-fedora-clang | 0.12.1 | 22.00 | 63.37 | 85.37 | NOTE | |
| r-devel-linux-x86_64-fedora-gcc | 0.12.1 | 33.00 | 47.88 | 80.88 | NOTE | |
| r-devel-windows-x86_64 | 0.12.1 | 18.00 | 83.00 | 101.00 | NOTE | |
| r-patched-linux-x86_64 | 0.12.1 | 12.04 | 42.82 | 54.86 | NOTE | |
| r-release-linux-x86_64 | 0.12.1 | 11.09 | 42.61 | 53.70 | NOTE | |
| r-release-macos-arm64 | 0.12.1 | 6.00 | 26.00 | 32.00 | NOTE | |
| r-release-macos-x86_64 | 0.12.1 | 10.00 | 37.00 | 47.00 | NOTE | |
| r-release-windows-x86_64 | 0.12.1 | 18.00 | 78.00 | 96.00 | NOTE | |
| r-oldrel-macos-arm64 | 0.12.1 | 6.00 | 22.00 | 28.00 | NOTE | |
| r-oldrel-macos-x86_64 | 0.12.1 | 8.00 | 34.00 | 42.00 | NOTE | |
| r-oldrel-windows-x86_64 | 0.12.1 | 20.00 | 97.00 | 117.00 | NOTE |
Version: 0.12.1
Check: Rd files
Result: NOTE
checkRd: (-1) variogramGuess.Rd:94: Lost braces
94 | Method \code{"b"} was proposed by \doi{10.1016/0098-3004(95)00095-X}{Jian et al. (1996)} and
| ^
checkRd: (-1) variogramGuess.Rd:98: Lost braces
98 | \doi{10.1016/j.cageo.2008.10.011}{Hiemstra et al. (2009)}.
| ^
checkRd: (-1) variogramGuess.Rd:100: Lost braces
100 | Method \code{"d"} was developed by \doi{10.1007/s11004-012-9434-1}{Desassis & Renard (2012)}.
| ^
Flavors: r-devel-linux-x86_64-debian-clang, r-devel-linux-x86_64-debian-gcc, r-devel-linux-x86_64-fedora-clang, r-devel-linux-x86_64-fedora-gcc, r-devel-windows-x86_64, r-patched-linux-x86_64, r-release-linux-x86_64, r-release-macos-arm64, r-release-macos-x86_64, r-release-windows-x86_64, r-oldrel-macos-arm64, r-oldrel-macos-x86_64, r-oldrel-windows-x86_64
These binaries (installable software) and packages are in development.
They may not be fully stable and should be used with caution. We make no claims about them.