Last updated on 2024-07-27 15:50:28 CEST.
Flavor | Version | Tinstall | Tcheck | Ttotal | Status | Flags |
---|---|---|---|---|---|---|
r-devel-linux-x86_64-debian-clang | 0.2.4 | 13.51 | 98.32 | 111.83 | OK | |
r-devel-linux-x86_64-debian-gcc | 0.2.4 | NOTE | ||||
r-devel-linux-x86_64-fedora-clang | 0.2.4 | 141.05 | NOTE | |||
r-devel-linux-x86_64-fedora-gcc | 0.2.4 | 129.92 | NOTE | |||
r-devel-windows-x86_64 | 0.2.4 | 15.00 | 86.00 | 101.00 | NOTE | |
r-patched-linux-x86_64 | 0.2.4 | OK | ||||
r-release-linux-x86_64 | 0.2.4 | 9.62 | 92.76 | 102.38 | OK | |
r-release-macos-arm64 | 0.2.4 | 39.00 | OK | |||
r-release-macos-x86_64 | 0.2.4 | 57.00 | OK | |||
r-release-windows-x86_64 | 0.2.4 | 14.00 | 87.00 | 101.00 | OK | |
r-oldrel-macos-arm64 | 0.2.4 | 41.00 | OK | |||
r-oldrel-macos-x86_64 | 0.2.4 | 78.00 | OK | |||
r-oldrel-windows-x86_64 | 0.2.4 | 17.00 | 104.00 | 121.00 | OK |
Version: 0.2.4
Check: Rd cross-references
Result: NOTE
Found the following Rd file(s) with Rd \link{} targets missing package
anchors:
pq_plot.Rd: e_theme
Please provide package anchors for all Rd \link{} targets not in the
package itself and the base packages.
Flavors: r-devel-linux-x86_64-debian-gcc, r-devel-windows-x86_64
Version: 0.2.4
Check: data for non-ASCII characters
Result: NOTE
Note: found 4860 marked UTF-8 strings
Flavors: r-devel-linux-x86_64-fedora-clang, r-devel-linux-x86_64-fedora-gcc
These binaries (installable software) and packages are in development.
They may not be fully stable and should be used with caution. We make no claims about them.