Last updated on 2025-02-02 14:48:30 CET.
Flavor | Version | Tinstall | Tcheck | Ttotal | Status | Flags |
---|---|---|---|---|---|---|
r-devel-linux-x86_64-debian-clang | 0.2.4 | 11.83 | 75.85 | 87.68 | NOTE | |
r-devel-linux-x86_64-debian-gcc | 0.2.4 | 7.90 | 52.42 | 60.32 | NOTE | |
r-devel-linux-x86_64-fedora-clang | 0.2.4 | 138.53 | OK | |||
r-devel-linux-x86_64-fedora-gcc | 0.2.4 | 128.58 | OK | |||
r-devel-windows-x86_64 | 0.2.4 | 14.00 | 87.00 | 101.00 | NOTE | |
r-patched-linux-x86_64 | 0.2.4 | 16.39 | 69.31 | 85.70 | OK | |
r-release-linux-x86_64 | 0.2.4 | 12.78 | 68.93 | 81.71 | OK | |
r-release-macos-arm64 | 0.2.4 | 39.00 | OK | |||
r-release-macos-x86_64 | 0.2.4 | 57.00 | OK | |||
r-release-windows-x86_64 | 0.2.4 | 13.00 | 87.00 | 100.00 | OK | |
r-oldrel-macos-arm64 | 0.2.4 | 41.00 | OK | |||
r-oldrel-macos-x86_64 | 0.2.4 | 78.00 | OK | |||
r-oldrel-windows-x86_64 | 0.2.4 | 18.00 | 106.00 | 124.00 | OK |
Version: 0.2.4
Check: Rd cross-references
Result: NOTE
Found the following Rd file(s) with Rd \link{} targets missing package
anchors:
pq_plot.Rd: e_theme
Please provide package anchors for all Rd \link{} targets not in the
package itself and the base packages.
Flavors: r-devel-linux-x86_64-debian-clang, r-devel-linux-x86_64-debian-gcc, r-devel-windows-x86_64
These binaries (installable software) and packages are in development.
They may not be fully stable and should be used with caution. We make no claims about them.