CRAN Package Check Results for Package pedquant

Last updated on 2025-07-02 01:51:45 CEST.

Flavor Version Tinstall Tcheck Ttotal Status Flags
r-devel-linux-x86_64-debian-clang 0.2.4 13.02 79.41 92.43 NOTE
r-devel-linux-x86_64-debian-gcc 0.2.4 8.92 55.43 64.35 NOTE
r-devel-linux-x86_64-fedora-clang 0.2.4 137.08 OK
r-devel-linux-x86_64-fedora-gcc 0.2.4 125.28 OK
r-devel-windows-x86_64 0.2.4 14.00 96.00 110.00 NOTE
r-patched-linux-x86_64 NOTE
r-release-linux-x86_64 0.2.4 10.39 71.77 82.16 NOTE
r-release-macos-arm64 0.2.4 41.00 OK
r-release-macos-x86_64 0.2.4 96.00 OK
r-release-windows-x86_64 0.2.4 14.00 88.00 102.00 NOTE
r-oldrel-macos-arm64 0.2.4 39.00 OK
r-oldrel-macos-x86_64 0.2.4 57.00 OK
r-oldrel-windows-x86_64 0.2.4 18.00 111.00 129.00 OK

Check Details

Version: 0.2.4
Check: Rd cross-references
Result: NOTE Found the following Rd file(s) with Rd \link{} targets missing package anchors: pq_plot.Rd: e_theme Please provide package anchors for all Rd \link{} targets not in the package itself and the base packages. Flavors: r-devel-linux-x86_64-debian-clang, r-devel-linux-x86_64-debian-gcc, r-devel-windows-x86_64, r-patched-linux-x86_64, r-release-linux-x86_64, r-release-windows-x86_64

These binaries (installable software) and packages are in development.
They may not be fully stable and should be used with caution. We make no claims about them.