CRAN Package Check Results for Package pegas

Last updated on 2025-10-23 17:50:57 CEST.

Flavor Version Tinstall Tcheck Ttotal Status Flags
r-devel-linux-x86_64-debian-clang 1.3 9.20 96.48 105.68 NOTE
r-devel-linux-x86_64-debian-gcc 1.3 7.28 67.37 74.65 OK
r-devel-linux-x86_64-fedora-clang 1.3 27.00 124.61 151.61 OK
r-devel-linux-x86_64-fedora-gcc 1.3 24.00 138.74 162.74 OK
r-devel-windows-x86_64 1.3 15.00 167.00 182.00 OK
r-patched-linux-x86_64 1.3 12.23 92.08 104.31 OK
r-release-linux-x86_64 1.3 10.58 91.42 102.00 OK
r-release-macos-arm64 1.3 6.00 50.00 56.00 OK
r-release-macos-x86_64 1.3 11.00 115.00 126.00 OK
r-release-windows-x86_64 1.3 15.00 164.00 179.00 OK
r-oldrel-macos-arm64 1.3 5.00 45.00 50.00 OK
r-oldrel-macos-x86_64 1.3 8.00 75.00 83.00 OK
r-oldrel-windows-x86_64 1.3 20.00 168.00 188.00 OK

Additional issues

noSuggests

Check Details

Version: 1.3
Check: HTML version of manual
Result: NOTE Found the following HTML validation problems: haplotype.html:152:1 (haplotype.Rd:99): Warning: <h3> anchor "_sec_note" already defined Flavor: r-devel-linux-x86_64-debian-clang

These binaries (installable software) and packages are in development.
They may not be fully stable and should be used with caution. We make no claims about them.