Last updated on 2024-07-27 15:50:28 CEST.
Flavor | Version | Tinstall | Tcheck | Ttotal | Status | Flags |
---|---|---|---|---|---|---|
r-devel-linux-x86_64-debian-clang | 1.3 | 16.95 | 111.96 | 128.91 | OK | |
r-devel-linux-x86_64-debian-gcc | 1.3 | OK | ||||
r-devel-linux-x86_64-fedora-clang | 1.3 | 169.44 | OK | |||
r-devel-linux-x86_64-fedora-gcc | 1.3 | 172.42 | OK | |||
r-devel-windows-x86_64 | 1.3 | 15.00 | 145.00 | 160.00 | OK | |
r-patched-linux-x86_64 | 1.3 | OK | ||||
r-release-linux-x86_64 | 1.3 | 9.80 | 108.12 | 117.92 | OK | |
r-release-macos-arm64 | 1.3 | 50.00 | OK | |||
r-release-macos-x86_64 | 1.3 | 83.00 | OK | |||
r-release-windows-x86_64 | 1.3 | 15.00 | 144.00 | 159.00 | OK | |
r-oldrel-macos-arm64 | 1.3 | 72.00 | NOTE | |||
r-oldrel-macos-x86_64 | 1.3 | 152.00 | OK | |||
r-oldrel-windows-x86_64 | 1.3 | 17.00 | 157.00 | 174.00 | OK |
Version: 1.3
Check: package dependencies
Result: NOTE
Package suggested but not available for checking: ‘snpStats’
Flavor: r-oldrel-macos-arm64
These binaries (installable software) and packages are in development.
They may not be fully stable and should be used with caution. We make no claims about them.