CRAN Package Check Results for Package pema

Last updated on 2025-07-26 07:50:29 CEST.

Flavor Version Tinstall Tcheck Ttotal Status Flags
r-devel-linux-x86_64-debian-clang 0.1.4 1148.39 267.38 1415.77 OK
r-devel-linux-x86_64-debian-gcc 0.1.4 1102.42 284.85 1387.27 OK
r-devel-linux-x86_64-fedora-clang 0.1.4 2105.19 OK
r-devel-linux-x86_64-fedora-gcc 0.1.4 3017.17 OK
r-devel-windows-x86_64 0.1.4 1277.00 380.00 1657.00 OK
r-patched-linux-x86_64 0.1.4 1360.30 393.26 1753.56 OK
r-release-linux-x86_64 0.1.4 1375.29 388.91 1764.20 OK
r-release-macos-arm64 0.1.4 574.00 OK
r-release-macos-x86_64 0.1.4 380.00 OK
r-release-windows-x86_64 0.1.4 1296.00 369.00 1665.00 OK
r-oldrel-macos-arm64 0.1.4 377.00 NOTE
r-oldrel-macos-x86_64 0.1.4 412.00 NOTE
r-oldrel-windows-x86_64 0.1.4 1462.00 482.00 1944.00 NOTE

Check Details

Version: 0.1.4
Check: installed package size
Result: NOTE installed size is 152.2Mb sub-directories of 1Mb or more: libs 150.6Mb Flavors: r-oldrel-macos-arm64, r-oldrel-macos-x86_64, r-oldrel-windows-x86_64

Version: 0.1.4
Check: for GNU extensions in Makefiles
Result: NOTE GNU make is a SystemRequirements. Flavors: r-oldrel-macos-arm64, r-oldrel-macos-x86_64, r-oldrel-windows-x86_64

These binaries (installable software) and packages are in development.
They may not be fully stable and should be used with caution. We make no claims about them.