Last updated on 2025-10-30 13:48:45 CET.
| Flavor | Version | Tinstall | Tcheck | Ttotal | Status | Flags |
|---|---|---|---|---|---|---|
| r-devel-linux-x86_64-debian-clang | 0.1.5 | 1134.07 | 285.94 | 1420.01 | OK | |
| r-devel-linux-x86_64-debian-gcc | 0.1.5 | 1041.65 | 301.84 | 1343.49 | OK | |
| r-devel-linux-x86_64-fedora-clang | 0.1.5 | 2400.00 | -253.80 | 2146.20 | OK | |
| r-devel-linux-x86_64-fedora-gcc | 0.1.5 | 3660.00 | -536.39 | 3123.61 | OK | |
| r-devel-windows-x86_64 | 0.1.5 | 1300.00 | 397.00 | 1697.00 | OK | |
| r-patched-linux-x86_64 | 0.1.5 | 1370.93 | 414.33 | 1785.26 | OK | |
| r-release-linux-x86_64 | 0.1.5 | 1390.30 | 407.46 | 1797.76 | OK | |
| r-release-macos-arm64 | 0.1.5 | 462.00 | 125.00 | 587.00 | OK | |
| r-release-macos-x86_64 | 0.1.5 | 359.00 | 170.00 | 529.00 | OK | |
| r-release-windows-x86_64 | 0.1.5 | 1291.00 | 393.00 | 1684.00 | OK | |
| r-oldrel-macos-arm64 | 0.1.5 | 431.00 | 133.00 | 564.00 | NOTE | |
| r-oldrel-macos-x86_64 | 0.1.5 | 366.00 | 187.00 | 553.00 | NOTE | |
| r-oldrel-windows-x86_64 | 0.1.5 | 1439.00 | 495.00 | 1934.00 | NOTE |
Version: 0.1.5
Check: installed package size
Result: NOTE
installed size is 151.8Mb
sub-directories of 1Mb or more:
libs 150.6Mb
Flavors: r-oldrel-macos-arm64, r-oldrel-macos-x86_64, r-oldrel-windows-x86_64
Version: 0.1.5
Check: for GNU extensions in Makefiles
Result: NOTE
GNU make is a SystemRequirements.
Flavors: r-oldrel-macos-arm64, r-oldrel-macos-x86_64, r-oldrel-windows-x86_64
These binaries (installable software) and packages are in development.
They may not be fully stable and should be used with caution. We make no claims about them.