Last updated on 2025-05-08 04:52:13 CEST.
Flavor | Version | Tinstall | Tcheck | Ttotal | Status | Flags |
---|---|---|---|---|---|---|
r-devel-linux-x86_64-debian-clang | 0.1.4 | 1104.35 | 265.84 | 1370.19 | OK | |
r-devel-linux-x86_64-debian-gcc | 0.1.4 | 1145.84 | 281.50 | 1427.34 | OK | |
r-devel-linux-x86_64-fedora-clang | 0.1.4 | 2204.34 | OK | |||
r-devel-linux-x86_64-fedora-gcc | 0.1.4 | 3422.21 | OK | |||
r-devel-windows-x86_64 | 0.1.4 | 1291.00 | 389.00 | 1680.00 | OK | |
r-patched-linux-x86_64 | 0.1.4 | 1352.15 | 392.93 | 1745.08 | OK | |
r-release-linux-x86_64 | 0.1.4 | 1375.50 | 388.07 | 1763.57 | OK | |
r-release-macos-arm64 | 0.1.4 | 574.00 | OK | |||
r-release-macos-x86_64 | 0.1.4 | 380.00 | OK | |||
r-release-windows-x86_64 | 0.1.4 | 1298.00 | 376.00 | 1674.00 | OK | |
r-oldrel-macos-arm64 | 0.1.4 | 377.00 | NOTE | |||
r-oldrel-macos-x86_64 | 0.1.4 | 412.00 | NOTE | |||
r-oldrel-windows-x86_64 | 0.1.4 | 1449.00 | 463.00 | 1912.00 | NOTE |
Version: 0.1.4
Check: installed package size
Result: NOTE
installed size is 152.2Mb
sub-directories of 1Mb or more:
libs 150.6Mb
Flavors: r-oldrel-macos-arm64, r-oldrel-macos-x86_64, r-oldrel-windows-x86_64
Version: 0.1.4
Check: for GNU extensions in Makefiles
Result: NOTE
GNU make is a SystemRequirements.
Flavors: r-oldrel-macos-arm64, r-oldrel-macos-x86_64, r-oldrel-windows-x86_64
These binaries (installable software) and packages are in development.
They may not be fully stable and should be used with caution. We make no claims about them.