Last updated on 2025-05-03 22:50:03 CEST.
Flavor | Version | Tinstall | Tcheck | Ttotal | Status | Flags |
---|---|---|---|---|---|---|
r-devel-linux-x86_64-debian-clang | 0.3.0 | 38.28 | 91.42 | 129.70 | NOTE | |
r-devel-linux-x86_64-debian-gcc | 0.3.0 | 28.22 | 65.61 | 93.83 | NOTE | |
r-devel-linux-x86_64-fedora-clang | 0.3.0 | 219.03 | OK | |||
r-devel-linux-x86_64-fedora-gcc | 0.3.0 | 222.28 | OK | |||
r-devel-windows-x86_64 | 0.3.0 | 48.00 | 115.00 | 163.00 | OK | |
r-patched-linux-x86_64 | 0.3.0 | 40.23 | 88.12 | 128.35 | OK | |
r-release-linux-x86_64 | OK | |||||
r-release-macos-arm64 | 0.3.0 | 55.00 | OK | |||
r-release-macos-x86_64 | 0.3.0 | 92.00 | OK | |||
r-release-windows-x86_64 | 0.3.0 | 49.00 | 115.00 | 164.00 | OK | |
r-oldrel-macos-arm64 | 0.3.0 | 52.00 | OK | |||
r-oldrel-macos-x86_64 | 0.3.0 | 76.00 | OK | |||
r-oldrel-windows-x86_64 | 0.3.0 | 54.00 | 145.00 | 199.00 | OK |
Version: 0.3.0
Check: CRAN incoming feasibility
Result: NOTE
Maintainer: ‘Aaron J. Molstad <amolstad@ufl.edu>’
The URL field contains the following bad parts:
ajmolstad.github.io/research
The URL field should be a list of URLs separated by commas or
whitespace.
Flavors: r-devel-linux-x86_64-debian-clang, r-devel-linux-x86_64-debian-gcc
These binaries (installable software) and packages are in development.
They may not be fully stable and should be used with caution. We make no claims about them.