Last updated on 2025-05-01 08:52:41 CEST.
Flavor | Version | Tinstall | Tcheck | Ttotal | Status | Flags |
---|---|---|---|---|---|---|
r-devel-linux-x86_64-debian-clang | 0.99 | 9.82 | 24.15 | 33.97 | NOTE | |
r-devel-linux-x86_64-debian-gcc | 0.99 | 7.49 | 19.33 | 26.82 | NOTE | |
r-devel-linux-x86_64-fedora-clang | 0.99 | 59.86 | NOTE | |||
r-devel-linux-x86_64-fedora-gcc | 0.99 | 56.42 | NOTE | |||
r-devel-windows-x86_64 | 0.99 | 13.00 | 70.00 | 83.00 | OK | |
r-patched-linux-x86_64 | 0.99 | 10.52 | 23.38 | 33.90 | OK | |
r-release-linux-x86_64 | OK | |||||
r-release-macos-arm64 | 0.99 | 20.00 | OK | |||
r-release-macos-x86_64 | 0.99 | 32.00 | OK | |||
r-release-windows-x86_64 | 0.99 | 13.00 | 76.00 | 89.00 | OK | |
r-oldrel-macos-arm64 | 0.99 | 20.00 | OK | |||
r-oldrel-macos-x86_64 | 0.99 | 30.00 | OK | |||
r-oldrel-windows-x86_64 | 0.99 | 14.00 | 80.00 | 94.00 | OK |
Version: 0.99
Check: CRAN incoming feasibility
Result: NOTE
Maintainer: ‘Holger Reulen <hreulen@uni-goettingen.de>’
No Authors@R field in DESCRIPTION.
Please add one, modifying
Authors@R: person(given = "Holger",
family = "Reulen",
role = c("aut", "cre"),
email = "hreulen@uni-goettingen.de")
as necessary.
Flavors: r-devel-linux-x86_64-debian-clang, r-devel-linux-x86_64-debian-gcc
Version: 0.99
Check: compiled code
Result: NOTE
File ‘penMSM/libs/penMSM.so’:
Found no calls to: ‘R_registerRoutines’, ‘R_useDynamicSymbols’
It is good practice to register native routines and to disable symbol
search.
See ‘Writing portable packages’ in the ‘Writing R Extensions’ manual.
Flavors: r-devel-linux-x86_64-fedora-clang, r-devel-linux-x86_64-fedora-gcc
These binaries (installable software) and packages are in development.
They may not be fully stable and should be used with caution. We make no claims about them.