CRAN Package Check Results for Package penalizedSVM

Last updated on 2025-07-12 19:50:09 CEST.

Flavor Version Tinstall Tcheck Ttotal Status Flags
r-devel-linux-x86_64-debian-clang 1.1.4 6.10 36.13 42.23 NOTE
r-devel-linux-x86_64-debian-gcc 1.1.4 3.53 27.13 30.66 NOTE
r-devel-linux-x86_64-fedora-clang 1.1.4 65.46 OK
r-devel-linux-x86_64-fedora-gcc 1.1.4 60.88 OK
r-devel-windows-x86_64 1.1.4 6.00 54.00 60.00 OK
r-patched-linux-x86_64 1.1.4 6.25 34.75 41.00 OK
r-release-linux-x86_64 1.1.4 4.67 34.52 39.19 OK
r-release-macos-arm64 1.1.4 25.00 OK
r-release-macos-x86_64 1.1.4 61.00 OK
r-release-windows-x86_64 1.1.4 7.00 60.00 67.00 OK
r-oldrel-macos-arm64 1.1.4 22.00 OK
r-oldrel-macos-x86_64 1.1.4 55.00 OK
r-oldrel-windows-x86_64 1.1.4 9.00 64.00 73.00 OK

Check Details

Version: 1.1.4
Check: CRAN incoming feasibility
Result: NOTE Maintainer: ‘Frederic Bertrand <frederic.bertrand@utt.fr>’ No Authors@R field in DESCRIPTION. Please add one, modifying Authors@R: c(person(given = "Natalia", family = "Becker", role = "aut"), person(given = "Wiebke", family = "Werft", role = "aut"), person(given = "Axel", family = "Benner", role = "aut"), person(given = "Frederic", family = "Bertrand", role = "cre", email = "frederic.bertrand@utt.fr")) as necessary. Flavors: r-devel-linux-x86_64-debian-clang, r-devel-linux-x86_64-debian-gcc

These binaries (installable software) and packages are in development.
They may not be fully stable and should be used with caution. We make no claims about them.