Last updated on 2025-02-16 08:50:56 CET.
Flavor | Version | Tinstall | Tcheck | Ttotal | Status | Flags |
---|---|---|---|---|---|---|
r-devel-linux-x86_64-debian-clang | 0.2 | 16.21 | 102.92 | 119.13 | NOTE | |
r-devel-linux-x86_64-debian-gcc | 0.2 | 9.76 | 74.62 | 84.38 | NOTE | |
r-devel-linux-x86_64-fedora-clang | 0.2 | 193.94 | NOTE | |||
r-devel-linux-x86_64-fedora-gcc | 0.2 | 175.81 | NOTE | |||
r-devel-macos-arm64 | 0.2 | 50.00 | NOTE | |||
r-devel-macos-x86_64 | 0.2 | 94.00 | NOTE | |||
r-devel-windows-x86_64 | 0.2 | 17.00 | 104.00 | 121.00 | NOTE | |
r-patched-linux-x86_64 | 0.2 | 15.94 | 93.14 | 109.08 | NOTE | |
r-release-linux-x86_64 | 0.2 | 13.58 | 95.49 | 109.07 | NOTE | |
r-release-macos-arm64 | 0.2 | 47.00 | NOTE | |||
r-release-macos-x86_64 | 0.2 | 69.00 | NOTE | |||
r-release-windows-x86_64 | 0.2 | 15.00 | 106.00 | 121.00 | NOTE | |
r-oldrel-macos-arm64 | 0.2 | 64.00 | NOTE | |||
r-oldrel-macos-x86_64 | 0.2 | 91.00 | NOTE | |||
r-oldrel-windows-x86_64 | 0.2 | 22.00 | 146.00 | 168.00 | NOTE |
Version: 0.2
Check: Rd files
Result: NOTE
checkRd: (-1) my.bspline.Rd:38: Escaped LaTeX specials: \$ \$ \$
Flavors: r-devel-linux-x86_64-debian-clang, r-devel-linux-x86_64-debian-gcc, r-devel-linux-x86_64-fedora-clang, r-devel-linux-x86_64-fedora-gcc, r-devel-macos-arm64, r-devel-macos-x86_64, r-devel-windows-x86_64, r-patched-linux-x86_64, r-release-linux-x86_64, r-release-macos-arm64, r-release-macos-x86_64, r-release-windows-x86_64, r-oldrel-macos-arm64, r-oldrel-macos-x86_64, r-oldrel-windows-x86_64
These binaries (installable software) and packages are in development.
They may not be fully stable and should be used with caution. We make no claims about them.