CRAN Package Check Results for Package pencopulaCond

Last updated on 2025-07-22 13:49:20 CEST.

Flavor Version Tinstall Tcheck Ttotal Status Flags
r-devel-linux-x86_64-debian-clang 0.2 15.57 109.88 125.45 NOTE
r-devel-linux-x86_64-debian-gcc 0.2 9.78 76.90 86.68 NOTE
r-devel-linux-x86_64-fedora-clang 0.2 197.78 NOTE
r-devel-linux-x86_64-fedora-gcc 0.2 183.25 NOTE
r-devel-windows-x86_64 0.2 17.00 109.00 126.00 NOTE
r-patched-linux-x86_64 0.2 16.58 103.65 120.23 NOTE
r-release-linux-x86_64 0.2 14.43 103.21 117.64 NOTE
r-release-macos-arm64 0.2 50.00 NOTE
r-release-macos-x86_64 0.2 94.00 NOTE
r-release-windows-x86_64 0.2 17.00 109.00 126.00 NOTE
r-oldrel-macos-arm64 0.2 47.00 NOTE
r-oldrel-macos-x86_64 0.2 69.00 NOTE
r-oldrel-windows-x86_64 0.2 23.00 139.00 162.00 NOTE

Check Details

Version: 0.2
Check: CRAN incoming feasibility
Result: NOTE Maintainer: ‘Christian Schellhase <cschellhase@wiwi.uni-bielefeld.de>’ No Authors@R field in DESCRIPTION. Please add one, modifying Authors@R: person(given = "Christian", family = "Schellhase", role = c("aut", "cre"), email = "cschellhase@wiwi.uni-bielefeld.de") as necessary. Flavors: r-devel-linux-x86_64-debian-clang, r-devel-linux-x86_64-debian-gcc

Version: 0.2
Check: Rd files
Result: NOTE checkRd: (-1) my.bspline.Rd:38: Escaped LaTeX specials: \$ \$ \$ Flavors: r-devel-linux-x86_64-debian-clang, r-devel-linux-x86_64-debian-gcc, r-devel-linux-x86_64-fedora-clang, r-devel-linux-x86_64-fedora-gcc, r-devel-windows-x86_64, r-patched-linux-x86_64, r-release-linux-x86_64, r-release-macos-arm64, r-release-macos-x86_64, r-release-windows-x86_64, r-oldrel-macos-arm64, r-oldrel-macos-x86_64, r-oldrel-windows-x86_64

These binaries (installable software) and packages are in development.
They may not be fully stable and should be used with caution. We make no claims about them.