Last updated on 2025-02-16 08:50:56 CET.
Flavor | Version | Tinstall | Tcheck | Ttotal | Status | Flags |
---|---|---|---|---|---|---|
r-devel-linux-x86_64-debian-clang | 0.2.13 | 9.46 | 84.13 | 93.59 | NOTE | |
r-devel-linux-x86_64-debian-gcc | 0.2.13 | 7.11 | 61.88 | 68.99 | NOTE | |
r-devel-linux-x86_64-fedora-clang | 0.2.13 | 153.14 | NOTE | |||
r-devel-linux-x86_64-fedora-gcc | 0.2.13 | 156.72 | NOTE | |||
r-devel-macos-arm64 | 0.2.13 | 53.00 | NOTE | |||
r-devel-macos-x86_64 | 0.2.13 | 92.00 | NOTE | |||
r-devel-windows-x86_64 | 0.2.13 | 11.00 | 107.00 | 118.00 | NOTE | |
r-patched-linux-x86_64 | 0.2.13 | 8.72 | 81.01 | 89.73 | NOTE | |
r-release-linux-x86_64 | 0.2.13 | 9.37 | 80.08 | 89.45 | NOTE | |
r-release-macos-arm64 | 0.2.13 | 47.00 | NOTE | |||
r-release-macos-x86_64 | 0.2.13 | 68.00 | NOTE | |||
r-release-windows-x86_64 | 0.2.13 | 11.00 | 108.00 | 119.00 | NOTE | |
r-oldrel-macos-arm64 | 0.2.13 | 69.00 | NOTE | |||
r-oldrel-macos-x86_64 | 0.2.13 | 90.00 | NOTE | |||
r-oldrel-windows-x86_64 | 0.2.13 | 15.00 | 117.00 | 132.00 | NOTE |
Version: 0.2.13
Check: Rd files
Result: NOTE
checkRd: (-1) my.bspline.Rd:21: Escaped LaTeX specials: \$ \$ \$ \$ \$ \$
checkRd: (-1) my.bspline.Rd:27: Escaped LaTeX specials: \$ \$ \$
checkRd: (-1) pendensity.Rd:52: Escaped LaTeX specials: \$
checkRd: (-1) pendensity.Rd:57: Escaped LaTeX specials: \$ \$
checkRd: (-1) pendensity.Rd:66: Escaped LaTeX specials: \$
checkRd: (-1) pendensity.Rd:82: Escaped LaTeX specials: \$ \$
checkRd: (-1) pendensity.Rd:96: Escaped LaTeX specials: \$
checkRd: (-1) pendensity.Rd:100: Escaped LaTeX specials: \$
checkRd: (-1) pendensity.Rd:105: Escaped LaTeX specials: \$
checkRd: (-1) pendensity.Rd:109: Escaped LaTeX specials: \$
Flavors: r-devel-linux-x86_64-debian-clang, r-devel-linux-x86_64-debian-gcc, r-devel-linux-x86_64-fedora-clang, r-devel-linux-x86_64-fedora-gcc, r-devel-macos-arm64, r-devel-macos-x86_64, r-devel-windows-x86_64, r-patched-linux-x86_64, r-release-linux-x86_64, r-release-macos-arm64, r-release-macos-x86_64, r-release-windows-x86_64, r-oldrel-macos-arm64, r-oldrel-macos-x86_64, r-oldrel-windows-x86_64
These binaries (installable software) and packages are in development.
They may not be fully stable and should be used with caution. We make no claims about them.