Last updated on 2025-05-08 04:52:13 CEST.
Flavor | Version | Tinstall | Tcheck | Ttotal | Status | Flags |
---|---|---|---|---|---|---|
r-devel-linux-x86_64-debian-clang | 0.1.1 | 7.48 | 101.61 | 109.09 | NOTE | |
r-devel-linux-x86_64-debian-gcc | 0.1.1 | 6.73 | 71.75 | 78.48 | NOTE | |
r-devel-linux-x86_64-fedora-clang | 0.1.1 | 176.51 | OK | |||
r-devel-linux-x86_64-fedora-gcc | 0.1.1 | 182.31 | OK | |||
r-devel-windows-x86_64 | 0.1.1 | 12.00 | 114.00 | 126.00 | OK | |
r-patched-linux-x86_64 | 0.1.1 | 9.84 | 95.39 | 105.23 | OK | |
r-release-linux-x86_64 | 0.1.1 | 8.49 | 95.98 | 104.47 | OK | |
r-release-macos-arm64 | 0.1.1 | 58.00 | OK | |||
r-release-macos-x86_64 | 0.1.1 | 109.00 | OK | |||
r-release-windows-x86_64 | 0.1.1 | 11.00 | 112.00 | 123.00 | OK | |
r-oldrel-macos-arm64 | 0.1.1 | 51.00 | OK | |||
r-oldrel-macos-x86_64 | 0.1.1 | 87.00 | OK | |||
r-oldrel-windows-x86_64 | 0.1.1 | 14.00 | 144.00 | 158.00 | OK |
Version: 0.1.1
Check: CRAN incoming feasibility
Result: NOTE
Maintainer: ‘Elena Geminiani <geminianielena@gmail.com>’
Package CITATION file contains call(s) to old-style citEntry(). Please
use bibentry() instead.
Flavors: r-devel-linux-x86_64-debian-clang, r-devel-linux-x86_64-debian-gcc
These binaries (installable software) and packages are in development.
They may not be fully stable and should be used with caution. We make no claims about them.