Last updated on 2025-05-08 04:52:13 CEST.
Flavor | Version | Tinstall | Tcheck | Ttotal | Status | Flags |
---|---|---|---|---|---|---|
r-devel-linux-x86_64-debian-clang | 0.2.4 | 37.21 | 109.55 | 146.76 | OK | |
r-devel-linux-x86_64-debian-gcc | 0.2.4 | 27.41 | 81.50 | 108.91 | OK | |
r-devel-linux-x86_64-fedora-clang | 0.2.4 | 251.01 | NOTE | |||
r-devel-linux-x86_64-fedora-gcc | 0.2.4 | 259.86 | NOTE | |||
r-devel-windows-x86_64 | 0.2.4 | 43.00 | 144.00 | 187.00 | OK | |
r-patched-linux-x86_64 | 0.2.4 | 39.63 | 104.29 | 143.92 | OK | |
r-release-linux-x86_64 | 0.2.4 | 38.45 | 105.02 | 143.47 | OK | |
r-release-macos-arm64 | 0.2.4 | 72.00 | OK | |||
r-release-macos-x86_64 | 0.2.4 | 204.00 | OK | |||
r-release-windows-x86_64 | 0.2.4 | 44.00 | 140.00 | 184.00 | OK | |
r-oldrel-macos-arm64 | 0.2.4 | 84.00 | NOTE | |||
r-oldrel-macos-x86_64 | 0.2.4 | 180.00 | NOTE | |||
r-oldrel-windows-x86_64 | 0.2.4 | 53.00 | 169.00 | 222.00 | OK |
Version: 0.2.4
Check: dependencies in R code
Result: NOTE
Namespace in Imports field not imported from: ‘fixest’
All declared Imports should be used.
Flavors: r-devel-linux-x86_64-fedora-clang, r-devel-linux-x86_64-fedora-gcc
Version: 0.2.4
Check: installed package size
Result: NOTE
installed size is 11.2Mb
sub-directories of 1Mb or more:
data 1.8Mb
libs 9.1Mb
Flavors: r-oldrel-macos-arm64, r-oldrel-macos-x86_64
These binaries (installable software) and packages are in development.
They may not be fully stable and should be used with caution. We make no claims about them.