Last updated on 2025-11-27 13:48:44 CET.
| Flavor | Version | Tinstall | Tcheck | Ttotal | Status | Flags |
|---|---|---|---|---|---|---|
| r-devel-linux-x86_64-debian-clang | 0.2.4 | 34.35 | 105.79 | 140.14 | OK | |
| r-devel-linux-x86_64-debian-gcc | 0.2.4 | 25.49 | 78.85 | 104.34 | OK | |
| r-devel-linux-x86_64-fedora-clang | 0.2.4 | 201.00 | 50.44 | 251.44 | NOTE | |
| r-devel-linux-x86_64-fedora-gcc | 0.2.4 | 70.00 | 161.58 | 231.58 | NOTE | |
| r-devel-windows-x86_64 | 0.2.4 | 49.00 | 134.00 | 183.00 | OK | |
| r-patched-linux-x86_64 | 0.2.4 | 38.76 | 103.17 | 141.93 | OK | |
| r-release-linux-x86_64 | 0.2.4 | 36.97 | 101.67 | 138.64 | OK | |
| r-release-macos-arm64 | 0.2.4 | OK | ||||
| r-release-macos-x86_64 | 0.2.4 | 38.00 | 166.00 | 204.00 | OK | |
| r-release-windows-x86_64 | 0.2.4 | 42.00 | 139.00 | 181.00 | OK | |
| r-oldrel-macos-arm64 | 0.2.4 | NOTE | ||||
| r-oldrel-macos-x86_64 | 0.2.4 | 38.00 | 142.00 | 180.00 | NOTE | |
| r-oldrel-windows-x86_64 | 0.2.4 | 51.00 | 175.00 | 226.00 | OK |
Version: 0.2.4
Check: dependencies in R code
Result: NOTE
Namespace in Imports field not imported from: ‘fixest’
All declared Imports should be used.
Flavors: r-devel-linux-x86_64-fedora-clang, r-devel-linux-x86_64-fedora-gcc
Version: 0.2.4
Check: installed package size
Result: NOTE
installed size is 11.2Mb
sub-directories of 1Mb or more:
data 1.8Mb
libs 9.1Mb
Flavors: r-oldrel-macos-arm64, r-oldrel-macos-x86_64
These binaries (installable software) and packages are in development.
They may not be fully stable and should be used with caution. We make no claims about them.