Last updated on 2025-02-16 08:50:56 CET.
Flavor | Version | Tinstall | Tcheck | Ttotal | Status | Flags |
---|---|---|---|---|---|---|
r-devel-linux-x86_64-debian-clang | 0.2.4 | 37.75 | 106.65 | 144.40 | OK | |
r-devel-linux-x86_64-debian-gcc | 0.2.4 | 28.09 | 77.87 | 105.96 | OK | |
r-devel-linux-x86_64-fedora-clang | 0.2.4 | 247.71 | NOTE | |||
r-devel-linux-x86_64-fedora-gcc | 0.2.4 | 249.26 | NOTE | |||
r-devel-macos-arm64 | 0.2.4 | 61.00 | OK | |||
r-devel-macos-x86_64 | 0.2.4 | 204.00 | OK | |||
r-devel-windows-x86_64 | 0.2.4 | 40.00 | 144.00 | 184.00 | OK | |
r-patched-linux-x86_64 | 0.2.4 | 39.31 | 101.54 | 140.85 | OK | |
r-release-linux-x86_64 | 0.2.4 | 37.20 | 101.27 | 138.47 | OK | |
r-release-macos-arm64 | 0.2.4 | 84.00 | NOTE | |||
r-release-macos-x86_64 | 0.2.4 | 180.00 | NOTE | |||
r-release-windows-x86_64 | 0.2.4 | 42.00 | 144.00 | 186.00 | OK | |
r-oldrel-macos-arm64 | 0.2.3 | 109.00 | NOTE | |||
r-oldrel-macos-x86_64 | 0.2.4 | 127.00 | NOTE | |||
r-oldrel-windows-x86_64 | 0.2.4 | 43.00 | 168.00 | 211.00 | OK |
Version: 0.2.4
Check: dependencies in R code
Result: NOTE
Namespace in Imports field not imported from: ‘fixest’
All declared Imports should be used.
Flavors: r-devel-linux-x86_64-fedora-clang, r-devel-linux-x86_64-fedora-gcc
Version: 0.2.4
Check: installed package size
Result: NOTE
installed size is 11.2Mb
sub-directories of 1Mb or more:
data 1.8Mb
libs 9.1Mb
Flavors: r-release-macos-arm64, r-release-macos-x86_64, r-oldrel-macos-x86_64
Version: 0.2.3
Check: installed package size
Result: NOTE
installed size is 9.2Mb
sub-directories of 1Mb or more:
data 1.8Mb
libs 7.0Mb
Flavor: r-oldrel-macos-arm64
These binaries (installable software) and packages are in development.
They may not be fully stable and should be used with caution. We make no claims about them.