Last updated on 2025-10-23 17:50:57 CEST.
Flavor | Version | Tinstall | Tcheck | Ttotal | Status | Flags |
---|---|---|---|---|---|---|
r-devel-linux-x86_64-debian-clang | 2.2.2 | 357.04 | 130.77 | 487.81 | NOTE | |
r-devel-linux-x86_64-debian-gcc | 2.2.2 | 277.64 | 90.85 | 368.49 | OK | |
r-devel-linux-x86_64-fedora-clang | 2.2.2 | 322.00 | 446.27 | 768.27 | OK | |
r-devel-linux-x86_64-fedora-gcc | 2.2.2 | 495.00 | 442.29 | 937.29 | OK | |
r-devel-windows-x86_64 | 2.2.2 | 361.00 | 172.00 | 533.00 | OK | |
r-patched-linux-x86_64 | 2.2.2 | 388.21 | 122.86 | 511.07 | OK | |
r-release-linux-x86_64 | 2.2.2 | 386.52 | 122.69 | 509.21 | OK | |
r-release-macos-arm64 | 2.2.2 | 144.00 | 72.00 | 216.00 | OK | |
r-release-macos-x86_64 | 2.2.2 | 145.00 | 120.00 | 265.00 | OK | |
r-release-windows-x86_64 | 2.2.2 | 368.00 | 176.00 | 544.00 | OK | |
r-oldrel-macos-arm64 | 2.2.2 | 142.00 | 65.00 | 207.00 | NOTE | |
r-oldrel-macos-x86_64 | 2.2.2 | 233.00 | 172.00 | 405.00 | NOTE | |
r-oldrel-windows-x86_64 | 2.2.2 | 445.00 | 214.00 | 659.00 | OK |
Version: 2.2.2
Check: HTML version of manual
Result: NOTE
Found the following HTML validation problems:
dot-find_stable_bdb_bisquare.html:74:1 (dot-find_stable_bdb_bisquare.Rd:26): Warning: missing </ul> before </div>
dot-run_replicated_cv.html:82:1 (dot-run_replicated_cv.Rd:34): Warning: missing </ul> before </div>
print.nsoptim_metrics.html:51:1 (print.nsoptim_metrics.Rd:12): Warning: missing </ul> before </div>
Flavor: r-devel-linux-x86_64-debian-clang
Version: 2.2.2
Check: installed package size
Result: NOTE
installed size is 52.4Mb
sub-directories of 1Mb or more:
libs 51.2Mb
Flavors: r-oldrel-macos-arm64, r-oldrel-macos-x86_64
These binaries (installable software) and packages are in development.
They may not be fully stable and should be used with caution. We make no claims about them.