Last updated on 2025-07-02 01:51:46 CEST.
Flavor | Version | Tinstall | Tcheck | Ttotal | Status | Flags |
---|---|---|---|---|---|---|
r-devel-linux-x86_64-debian-clang | 2.2.2 | 359.80 | 123.32 | 483.12 | OK | |
r-devel-linux-x86_64-debian-gcc | 2.2.2 | 277.62 | 88.77 | 366.39 | OK | |
r-devel-linux-x86_64-fedora-clang | 2.2.2 | 789.90 | OK | |||
r-devel-linux-x86_64-fedora-gcc | 2.2.2 | 912.87 | OK | |||
r-devel-windows-x86_64 | 2.2.2 | 359.00 | 172.00 | 531.00 | OK | |
r-patched-linux-x86_64 | OK | |||||
r-release-linux-x86_64 | 2.2.2 | 386.63 | 118.10 | 504.73 | OK | |
r-release-macos-arm64 | 2.2.2 | 216.00 | OK | |||
r-release-macos-x86_64 | 2.2.2 | 265.00 | OK | |||
r-release-windows-x86_64 | 2.2.2 | 360.00 | 169.00 | 529.00 | OK | |
r-oldrel-macos-arm64 | 2.2.2 | 207.00 | NOTE | |||
r-oldrel-macos-x86_64 | 2.2.2 | 405.00 | NOTE | |||
r-oldrel-windows-x86_64 | 2.2.2 | 439.00 | 217.00 | 656.00 | OK |
Version: 2.2.2
Check: installed package size
Result: NOTE
installed size is 52.4Mb
sub-directories of 1Mb or more:
libs 51.2Mb
Flavors: r-oldrel-macos-arm64, r-oldrel-macos-x86_64
These binaries (installable software) and packages are in development.
They may not be fully stable and should be used with caution. We make no claims about them.