Last updated on 2025-10-27 01:52:48 CET.
| Flavor | Version | Tinstall | Tcheck | Ttotal | Status | Flags |
|---|---|---|---|---|---|---|
| r-devel-linux-x86_64-debian-clang | 1.3.6 | 7.63 | 102.16 | 109.79 | NOTE | |
| r-devel-linux-x86_64-debian-gcc | 1.3.6 | 4.97 | 76.36 | 81.33 | NOTE | |
| r-devel-linux-x86_64-fedora-clang | 1.3.6 | 18.00 | 151.23 | 169.23 | OK | |
| r-devel-linux-x86_64-fedora-gcc | 1.3.6 | 16.00 | 152.43 | 168.43 | OK | |
| r-devel-windows-x86_64 | 1.3.6 | 9.00 | 124.00 | 133.00 | OK | |
| r-patched-linux-x86_64 | 1.3.6 | 7.24 | 96.56 | 103.80 | OK | |
| r-release-linux-x86_64 | 1.3.6 | 6.91 | 98.16 | 105.07 | OK | |
| r-release-macos-arm64 | 1.3.6 | 4.00 | 65.00 | 69.00 | OK | |
| r-release-macos-x86_64 | 1.3.6 | 10.00 | 126.00 | 136.00 | OK | |
| r-release-windows-x86_64 | 1.3.6 | 8.00 | 114.00 | 122.00 | OK | |
| r-oldrel-macos-arm64 | 1.3.6 | 3.00 | 54.00 | 57.00 | OK | |
| r-oldrel-macos-x86_64 | 1.3.6 | 6.00 | 96.00 | 102.00 | OK | |
| r-oldrel-windows-x86_64 | 1.3.6 | 11.00 | 155.00 | 166.00 | OK |
Version: 1.3.6
Check: CRAN incoming feasibility
Result: NOTE
Maintainer: ‘Levi Waldron <lwaldron.research@gmail.com>’
No Authors@R field in DESCRIPTION.
Please add one, modifying
Authors@R: person(given = "Levi",
family = "Waldron",
role = c("aut", "cre"),
email = "lwaldron.research@gmail.com")
as necessary.
Package CITATION file contains call(s) to old-style citEntry(). Please
use bibentry() instead.
Flavors: r-devel-linux-x86_64-debian-clang, r-devel-linux-x86_64-debian-gcc
These binaries (installable software) and packages are in development.
They may not be fully stable and should be used with caution. We make no claims about them.