Last updated on 2025-07-27 03:50:14 CEST.
Flavor | Version | Tinstall | Tcheck | Ttotal | Status | Flags |
---|---|---|---|---|---|---|
r-devel-linux-x86_64-debian-clang | 0.5.1 | 1.90 | 30.36 | 32.26 | NOTE | |
r-devel-linux-x86_64-debian-gcc | 0.5.1 | 1.52 | 23.08 | 24.60 | NOTE | |
r-devel-linux-x86_64-fedora-clang | 0.5.1 | 50.65 | NOTE | |||
r-devel-linux-x86_64-fedora-gcc | 0.5.1 | 45.25 | NOTE | |||
r-devel-windows-x86_64 | 0.5.1 | 3.00 | 63.00 | 66.00 | NOTE | |
r-patched-linux-x86_64 | 0.5.1 | 2.26 | 28.53 | 30.79 | NOTE | |
r-release-linux-x86_64 | 0.5.1 | 1.94 | 28.84 | 30.78 | NOTE | |
r-release-macos-arm64 | 0.5.1 | 23.00 | NOTE | |||
r-release-macos-x86_64 | 0.5.1 | 45.00 | NOTE | |||
r-release-windows-x86_64 | 0.5.1 | 3.00 | 51.00 | 54.00 | NOTE | |
r-oldrel-macos-arm64 | 0.5.1 | 20.00 | OK | |||
r-oldrel-macos-x86_64 | 0.5.1 | 42.00 | OK | |||
r-oldrel-windows-x86_64 | 0.5.1 | 4.00 | 61.00 | 65.00 | OK |
Version: 0.5.1
Check: DESCRIPTION meta-information
Result: NOTE
Missing dependency on R >= 4.1.0 because package code uses the pipe
|> or function shorthand \(...) syntax added in R 4.1.0.
File(s) using such syntax:
‘cv_pensynth.R’
Flavors: r-devel-linux-x86_64-debian-clang, r-devel-linux-x86_64-debian-gcc, r-devel-linux-x86_64-fedora-clang, r-devel-linux-x86_64-fedora-gcc, r-devel-windows-x86_64, r-patched-linux-x86_64, r-release-linux-x86_64, r-release-macos-arm64, r-release-macos-x86_64, r-release-windows-x86_64
These binaries (installable software) and packages are in development.
They may not be fully stable and should be used with caution. We make no claims about them.