Last updated on 2025-05-01 15:49:39 CEST.
Flavor | Version | Tinstall | Tcheck | Ttotal | Status | Flags |
---|---|---|---|---|---|---|
r-devel-linux-x86_64-debian-clang | 1.5 | 8.08 | 58.22 | 66.30 | NOTE | |
r-devel-linux-x86_64-debian-gcc | 1.5 | 6.05 | 44.67 | 50.72 | NOTE | |
r-devel-linux-x86_64-fedora-clang | 1.5 | 103.73 | OK | |||
r-devel-linux-x86_64-fedora-gcc | 1.5 | 99.78 | OK | |||
r-devel-windows-x86_64 | 1.5 | 10.00 | 79.00 | 89.00 | OK | |
r-patched-linux-x86_64 | 1.5 | 8.96 | 54.79 | 63.75 | OK | |
r-release-linux-x86_64 | OK | |||||
r-release-macos-arm64 | 1.5 | 38.00 | OK | |||
r-release-macos-x86_64 | 1.5 | 63.00 | OK | |||
r-release-windows-x86_64 | 1.5 | 12.00 | 81.00 | 93.00 | OK | |
r-oldrel-macos-arm64 | 1.5 | 36.00 | OK | |||
r-oldrel-macos-x86_64 | 1.5 | 47.00 | OK | |||
r-oldrel-windows-x86_64 | 1.5 | 13.00 | 84.00 | 97.00 | OK |
Version: 1.5
Check: CRAN incoming feasibility
Result: NOTE
Maintainer: ‘Frederic Bertrand <frederic.bertrand@utt.fr>’
No Authors@R field in DESCRIPTION.
Please add one, modifying
Authors@R: c(person(given = "Christine",
family = "Porzelius",
role = "aut"),
person(given = "Harald",
family = "Binder",
role = "aut"),
person(given = "Frederic",
family = "Bertrand",
role = "cre",
email = "frederic.bertrand@utt.fr"))
as necessary.
Flavors: r-devel-linux-x86_64-debian-clang, r-devel-linux-x86_64-debian-gcc
These binaries (installable software) and packages are in development.
They may not be fully stable and should be used with caution. We make no claims about them.