CRAN Package Check Results for Package pepr

Last updated on 2025-07-25 01:49:35 CEST.

Flavor Version Tinstall Tcheck Ttotal Status Flags
r-devel-linux-x86_64-debian-clang 0.5.0 5.22 69.69 74.91 NOTE
r-devel-linux-x86_64-debian-gcc 0.5.0 3.52 54.27 57.79 NOTE
r-devel-linux-x86_64-fedora-clang 0.5.0 117.70 OK
r-devel-linux-x86_64-fedora-gcc 0.5.0 122.47 OK
r-devel-windows-x86_64 0.5.0 8.00 116.00 124.00 OK
r-patched-linux-x86_64 0.5.0 5.81 64.62 70.43 OK
r-release-linux-x86_64 0.5.0 5.73 65.06 70.79 OK
r-release-macos-arm64 0.5.0 59.00 OK
r-release-macos-x86_64 0.5.0 91.00 OK
r-release-windows-x86_64 0.5.0 8.00 101.00 109.00 OK
r-oldrel-macos-arm64 0.5.0 46.00 OK
r-oldrel-macos-x86_64 0.5.0 68.00 OK
r-oldrel-windows-x86_64 0.5.0 10.00 118.00 128.00 OK

Check Details

Version: 0.5.0
Check: CRAN incoming feasibility
Result: NOTE Maintainer: ‘Nathan Sheffield <nathan@code.databio.org>’ The BugReports field in DESCRIPTION has https://github.com/pepkit/pepr which should likely be https://github.com/pepkit/pepr/issues instead. Flavors: r-devel-linux-x86_64-debian-clang, r-devel-linux-x86_64-debian-gcc

These binaries (installable software) and packages are in development.
They may not be fully stable and should be used with caution. We make no claims about them.