Last updated on 2025-05-01 14:49:17 CEST.
Flavor | Version | Tinstall | Tcheck | Ttotal | Status | Flags |
---|---|---|---|---|---|---|
r-devel-linux-x86_64-debian-clang | 0.0.1 | 1.96 | 28.76 | 30.72 | NOTE | |
r-devel-linux-x86_64-debian-gcc | 0.0.1 | 1.56 | 21.96 | 23.52 | OK | |
r-devel-linux-x86_64-fedora-clang | 0.0.1 | 45.86 | OK | |||
r-devel-linux-x86_64-fedora-gcc | 0.0.1 | 44.36 | OK | |||
r-devel-windows-x86_64 | 0.0.1 | 4.00 | 54.00 | 58.00 | OK | |
r-patched-linux-x86_64 | 0.0.1 | 2.05 | 25.90 | 27.95 | OK | |
r-release-linux-x86_64 | OK | |||||
r-release-macos-arm64 | 0.0.1 | 19.00 | OK | |||
r-release-macos-x86_64 | 0.0.1 | 30.00 | OK | |||
r-release-windows-x86_64 | 0.0.1 | 4.00 | 57.00 | 61.00 | OK | |
r-oldrel-macos-arm64 | 0.0.1 | 19.00 | OK | |||
r-oldrel-macos-x86_64 | 0.0.1 | 25.00 | OK | |||
r-oldrel-windows-x86_64 | 0.0.1 | 4.00 | 53.00 | 57.00 | OK |
Version: 0.0.1
Check: examples
Result: NOTE
Examples with CPU (user + system) or elapsed time > 5s
user system elapsed
extract_features_OHE 4.341 0.207 5.309
Flavor: r-devel-linux-x86_64-debian-clang
These binaries (installable software) and packages are in development.
They may not be fully stable and should be used with caution. We make no claims about them.