Last updated on 2025-10-23 11:50:22 CEST.
Flavor | Version | Tinstall | Tcheck | Ttotal | Status | Flags |
---|---|---|---|---|---|---|
r-devel-linux-x86_64-debian-clang | 0.1.5 | 10.66 | 98.29 | 108.95 | NOTE | |
r-devel-linux-x86_64-debian-gcc | 0.1.5 | 7.67 | 66.32 | 73.99 | OK | |
r-devel-linux-x86_64-fedora-clang | 0.1.5 | 68.00 | 109.01 | 177.01 | OK | |
r-devel-linux-x86_64-fedora-gcc | 0.1.5 | 24.00 | 132.06 | 156.06 | OK | |
r-devel-windows-x86_64 | 0.1.5 | 12.00 | 99.00 | 111.00 | OK | |
r-patched-linux-x86_64 | 0.1.5 | 12.32 | 90.28 | 102.60 | OK | |
r-release-linux-x86_64 | 0.1.5 | 10.70 | 90.71 | 101.41 | OK | |
r-release-macos-arm64 | 0.1.5 | 5.00 | 40.00 | 45.00 | OK | |
r-release-macos-x86_64 | 0.1.5 | 10.00 | 81.00 | 91.00 | OK | |
r-release-windows-x86_64 | 0.1.5 | 12.00 | 96.00 | 108.00 | OK | |
r-oldrel-macos-arm64 | 0.1.5 | 5.00 | 46.00 | 51.00 | OK | |
r-oldrel-macos-x86_64 | 0.1.5 | 10.00 | 92.00 | 102.00 | OK | |
r-oldrel-windows-x86_64 | 0.1.5 | 18.00 | 126.00 | 144.00 | OK |
Version: 0.1.5
Check: HTML version of manual
Result: NOTE
Found the following HTML validation problems:
diffcalc.html:50:1 (diffcalc.Rd:12): Warning: missing </ul> before </div>
nolesser.html:50:1 (nolesser.Rd:12): Warning: missing </ul> before </div>
Flavor: r-devel-linux-x86_64-debian-clang
These binaries (installable software) and packages are in development.
They may not be fully stable and should be used with caution. We make no claims about them.