Last updated on 2025-11-13 15:51:19 CET.
| Flavor | Version | Tinstall | Tcheck | Ttotal | Status | Flags |
|---|---|---|---|---|---|---|
| r-devel-linux-x86_64-debian-clang | 1.0.5 | 2.10 | 59.47 | 61.57 | NOTE | |
| r-devel-linux-x86_64-debian-gcc | 1.0.5 | 1.80 | 43.93 | 45.73 | NOTE | |
| r-devel-linux-x86_64-fedora-clang | 1.0.5 | 90.73 | OK | |||
| r-devel-linux-x86_64-fedora-gcc | 1.0.5 | 100.23 | OK | |||
| r-devel-windows-x86_64 | 1.0.5 | 4.00 | 76.00 | 80.00 | OK | |
| r-patched-linux-x86_64 | 1.0.5 | 2.14 | 55.66 | 57.80 | OK | |
| r-release-linux-x86_64 | 1.0.5 | 2.11 | 55.61 | 57.72 | OK | |
| r-release-macos-arm64 | 1.0.5 | 2.00 | 39.00 | 41.00 | OK | |
| r-release-macos-x86_64 | 1.0.5 | 3.00 | 70.00 | 73.00 | OK | |
| r-release-windows-x86_64 | 1.0.5 | 4.00 | 72.00 | 76.00 | OK | |
| r-oldrel-macos-arm64 | 1.0.5 | 1.00 | 36.00 | 37.00 | OK | |
| r-oldrel-macos-x86_64 | 1.0.5 | 2.00 | 54.00 | 56.00 | OK | |
| r-oldrel-windows-x86_64 | 1.0.5 | 5.00 | 88.00 | 93.00 | OK |
Version: 1.0.5
Check: CRAN incoming feasibility
Result: NOTE
Maintainer: ‘Jorge Cimentada <cimentadaj@gmail.com>’
Package CITATION file contains call(s) to old-style citEntry(). Please
use bibentry() instead.
Flavors: r-devel-linux-x86_64-debian-clang, r-devel-linux-x86_64-debian-gcc
These binaries (installable software) and packages are in development.
They may not be fully stable and should be used with caution. We make no claims about them.