Last updated on 2025-05-01 14:49:17 CEST.
Flavor | Version | Tinstall | Tcheck | Ttotal | Status | Flags |
---|---|---|---|---|---|---|
r-devel-linux-x86_64-debian-clang | 1.0.5 | 2.52 | 55.76 | 58.28 | NOTE | |
r-devel-linux-x86_64-debian-gcc | 1.0.5 | 1.98 | 42.28 | 44.26 | NOTE | |
r-devel-linux-x86_64-fedora-clang | 1.0.5 | 91.05 | OK | |||
r-devel-linux-x86_64-fedora-gcc | 1.0.5 | 101.85 | OK | |||
r-devel-windows-x86_64 | 1.0.5 | 4.00 | 85.00 | 89.00 | OK | |
r-patched-linux-x86_64 | 1.0.5 | 2.53 | 51.84 | 54.37 | OK | |
r-release-linux-x86_64 | OK | |||||
r-release-macos-arm64 | 1.0.5 | 41.00 | OK | |||
r-release-macos-x86_64 | 1.0.5 | 73.00 | OK | |||
r-release-windows-x86_64 | 1.0.5 | 4.00 | 90.00 | 94.00 | OK | |
r-oldrel-macos-arm64 | 1.0.5 | 37.00 | OK | |||
r-oldrel-macos-x86_64 | 1.0.5 | 56.00 | OK | |||
r-oldrel-windows-x86_64 | 1.0.5 | 4.00 | 82.00 | 86.00 | OK |
Version: 1.0.5
Check: CRAN incoming feasibility
Result: NOTE
Maintainer: ‘Jorge Cimentada <cimentadaj@gmail.com>’
Package CITATION file contains call(s) to old-style citEntry(). Please
use bibentry() instead.
Flavors: r-devel-linux-x86_64-debian-clang, r-devel-linux-x86_64-debian-gcc
These binaries (installable software) and packages are in development.
They may not be fully stable and should be used with caution. We make no claims about them.