CRAN Package Check Results for Package performanceEstimation

Last updated on 2025-05-01 12:49:36 CEST.

Flavor Version Tinstall Tcheck Ttotal Status Flags
r-devel-linux-x86_64-debian-clang 1.1.0 7.32 45.91 53.23 NOTE
r-devel-linux-x86_64-debian-gcc 1.1.0 4.79 33.00 37.79 NOTE
r-devel-linux-x86_64-fedora-clang 1.1.0 85.12 NOTE
r-devel-linux-x86_64-fedora-gcc 1.1.0 80.92 NOTE
r-devel-windows-x86_64 1.1.0 9.00 72.00 81.00 NOTE
r-patched-linux-x86_64 1.1.0 7.43 42.36 49.79 NOTE
r-release-linux-x86_64 NOTE
r-release-macos-arm64 1.1.0 24.00 NOTE
r-release-macos-x86_64 1.1.0 46.00 NOTE
r-release-windows-x86_64 1.1.0 10.00 73.00 83.00 NOTE
r-oldrel-macos-arm64 1.1.0 27.00 NOTE
r-oldrel-macos-x86_64 1.1.0 38.00 NOTE
r-oldrel-windows-x86_64 1.1.0 12.00 82.00 94.00 NOTE

Check Details

Version: 1.1.0
Check: CRAN incoming feasibility
Result: NOTE Maintainer: ‘Luis Torgo <ltorgo@dcc.fc.up.pt>’ Package CITATION file contains call(s) to old-style personList() or as.personList(). Please use c() on person objects instead. Package CITATION file contains call(s) to old-style citEntry(). Please use bibentry() instead. Flavors: r-devel-linux-x86_64-debian-clang, r-devel-linux-x86_64-debian-gcc

Version: 1.1.0
Check: Rd files
Result: NOTE checkRd: (-1) classificationMetrics.Rd:85: Lost braces; missing escapes or markup? 85 | will use some extra notation, namely: TP = #{p == + & t == +} ; FP = | ^ checkRd: (-1) classificationMetrics.Rd:86: Lost braces; missing escapes or markup? 86 | #{p == + & t == -} ; TN = #{p == - & t == -}; FN = #{p == - & t == +} | ^ checkRd: (-1) classificationMetrics.Rd:86: Lost braces; missing escapes or markup? 86 | #{p == + & t == -} ; TN = #{p == - & t == -}; FN = #{p == - & t == +} | ^ checkRd: (-1) classificationMetrics.Rd:86: Lost braces; missing escapes or markup? 86 | #{p == + & t == -} ; TN = #{p == - & t == -}; FN = #{p == - & t == +} | ^ checkRd: (-1) classificationMetrics.Rd:87: Lost braces; missing escapes or markup? 87 | ; P = #{t == +} ; N = #{t == -}; Finally, for some descriptions | ^ checkRd: (-1) classificationMetrics.Rd:87: Lost braces; missing escapes or markup? 87 | ; P = #{t == +} ; N = #{t == -}; Finally, for some descriptions | ^ Flavors: r-devel-linux-x86_64-debian-clang, r-devel-linux-x86_64-debian-gcc, r-devel-linux-x86_64-fedora-clang, r-devel-linux-x86_64-fedora-gcc, r-devel-windows-x86_64, r-patched-linux-x86_64, r-release-linux-x86_64, r-release-macos-arm64, r-release-macos-x86_64, r-release-windows-x86_64, r-oldrel-macos-arm64, r-oldrel-macos-x86_64, r-oldrel-windows-x86_64

Version: 1.1.0
Check: Rd cross-references
Result: NOTE Found the following Rd file(s) with Rd \link{} targets missing package anchors: bootEstimates.Rd: cluster cvEstimates.Rd: cluster hldEstimates.Rd: cluster loocvEstimates.Rd: cluster mcEstimates.Rd: cluster Please provide package anchors for all Rd \link{} targets not in the package itself and the base packages. Flavors: r-devel-linux-x86_64-debian-clang, r-devel-linux-x86_64-debian-gcc, r-devel-windows-x86_64, r-patched-linux-x86_64, r-release-linux-x86_64, r-release-windows-x86_64

Version: 1.1.0
Check: package dependencies
Result: NOTE Package suggested but not available for checking: ‘DMwR’ Flavors: r-oldrel-macos-arm64, r-oldrel-macos-x86_64, r-oldrel-windows-x86_64

Version: 1.1.0
Check: LazyData
Result: NOTE 'LazyData' is specified without a 'data' directory Flavors: r-oldrel-macos-arm64, r-oldrel-macos-x86_64, r-oldrel-windows-x86_64

These binaries (installable software) and packages are in development.
They may not be fully stable and should be used with caution. We make no claims about them.