CRAN Package Check Results for Package perm

Last updated on 2025-11-13 23:50:47 CET.

Flavor Version Tinstall Tcheck Ttotal Status Flags
r-devel-linux-x86_64-debian-clang 1.0-0.4 2.19 30.97 33.16 NOTE
r-devel-linux-x86_64-debian-gcc 1.0-0.4 1.87 23.49 25.36 NOTE
r-devel-linux-x86_64-fedora-clang 1.0-0.4 48.51 OK
r-devel-linux-x86_64-fedora-gcc 1.0-0.4 49.39 OK
r-devel-windows-x86_64 1.0-0.4 5.00 58.00 63.00 OK
r-patched-linux-x86_64 1.0-0.4 2.60 29.54 32.14 OK
r-release-linux-x86_64 1.0-0.4 2.40 29.52 31.92 OK
r-release-macos-arm64 1.0-0.4 1.00 18.00 19.00 OK
r-release-macos-x86_64 1.0-0.4 2.00 30.00 32.00 OK
r-release-windows-x86_64 1.0-0.4 3.00 48.00 51.00 OK
r-oldrel-macos-arm64 1.0-0.4 1.00 22.00 23.00 OK
r-oldrel-macos-x86_64 1.0-0.4 2.00 37.00 39.00 OK
r-oldrel-windows-x86_64 1.0-0.4 4.00 55.00 59.00 OK

Check Details

Version: 1.0-0.4
Check: CRAN incoming feasibility
Result: NOTE Maintainer: ‘Michael P. Fay <mfay@niaid.nih.gov>’ No Authors@R field in DESCRIPTION. Please add one, modifying Authors@R: c(person(given = "Michael", family = "Fay", role = "aut"), person(given = c("Michael", "P."), family = "Fay", role = "cre", email = "mfay@niaid.nih.gov")) as necessary. Flavors: r-devel-linux-x86_64-debian-clang, r-devel-linux-x86_64-debian-gcc

These binaries (installable software) and packages are in development.
They may not be fully stable and should be used with caution. We make no claims about them.