Last updated on 2025-10-24 13:49:45 CEST.
| Flavor | Version | Tinstall | Tcheck | Ttotal | Status | Flags |
|---|---|---|---|---|---|---|
| r-devel-linux-x86_64-debian-clang | 1.0-0.4 | 2.55 | 30.86 | 33.41 | NOTE | |
| r-devel-linux-x86_64-debian-gcc | 1.0-0.4 | 2.01 | 24.07 | 26.08 | NOTE | |
| r-devel-linux-x86_64-fedora-clang | 1.0-0.4 | 47.19 | OK | |||
| r-devel-linux-x86_64-fedora-gcc | 1.0-0.4 | 47.11 | OK | |||
| r-devel-windows-x86_64 | 1.0-0.4 | 3.00 | 52.00 | 55.00 | OK | |
| r-patched-linux-x86_64 | 1.0-0.4 | 2.68 | 29.54 | 32.22 | OK | |
| r-release-linux-x86_64 | 1.0-0.4 | 2.24 | 29.34 | 31.58 | OK | |
| r-release-macos-arm64 | 1.0-0.4 | 1.00 | 18.00 | 19.00 | OK | |
| r-release-macos-x86_64 | 1.0-0.4 | 2.00 | 30.00 | 32.00 | OK | |
| r-release-windows-x86_64 | 1.0-0.4 | 5.00 | 49.00 | 54.00 | OK | |
| r-oldrel-macos-arm64 | 1.0-0.4 | 1.00 | 22.00 | 23.00 | OK | |
| r-oldrel-macos-x86_64 | 1.0-0.4 | 2.00 | 37.00 | 39.00 | OK | |
| r-oldrel-windows-x86_64 | 1.0-0.4 | 3.00 | 57.00 | 60.00 | OK |
Version: 1.0-0.4
Check: CRAN incoming feasibility
Result: NOTE
Maintainer: ‘Michael P. Fay <mfay@niaid.nih.gov>’
No Authors@R field in DESCRIPTION.
Please add one, modifying
Authors@R: c(person(given = "Michael",
family = "Fay",
role = "aut"),
person(given = c("Michael", "P."),
family = "Fay",
role = "cre",
email = "mfay@niaid.nih.gov"))
as necessary.
Flavors: r-devel-linux-x86_64-debian-clang, r-devel-linux-x86_64-debian-gcc
These binaries (installable software) and packages are in development.
They may not be fully stable and should be used with caution. We make no claims about them.