Last updated on 2025-02-16 08:50:56 CET.
Flavor | Version | Tinstall | Tcheck | Ttotal | Status | Flags |
---|---|---|---|---|---|---|
r-devel-linux-x86_64-debian-clang | 1.0-2 | 8.49 | 111.01 | 119.50 | NOTE | |
r-devel-linux-x86_64-debian-gcc | 1.0-2 | 6.83 | 79.41 | 86.24 | NOTE | |
r-devel-linux-x86_64-fedora-clang | 1.0-2 | 203.45 | OK | |||
r-devel-linux-x86_64-fedora-gcc | 1.0-2 | 192.28 | OK | |||
r-devel-macos-arm64 | 1.0-2 | 58.00 | OK | |||
r-devel-macos-x86_64 | 1.0-2 | 120.00 | OK | |||
r-devel-windows-x86_64 | 1.0-2 | 10.00 | 112.00 | 122.00 | NOTE | |
r-patched-linux-x86_64 | 1.0-2 | 13.02 | 103.72 | 116.74 | OK | |
r-release-linux-x86_64 | 1.0-2 | 7.39 | 103.67 | 111.06 | OK | |
r-release-macos-arm64 | 1.0-2 | 54.00 | OK | |||
r-release-macos-x86_64 | 1.0-2 | 94.00 | OK | |||
r-release-windows-x86_64 | 1.0-2 | 10.00 | 122.00 | 132.00 | OK | |
r-oldrel-macos-arm64 | 1.0-2 | 61.00 | OK | |||
r-oldrel-macos-x86_64 | 1.0-2 | 109.00 | OK | |||
r-oldrel-windows-x86_64 | 1.0-2 | 12.00 | 160.00 | 172.00 | OK |
Version: 1.0-2
Check: Rd cross-references
Result: NOTE
Found the following Rd file(s) with Rd \link{} targets missing package
anchors:
permimp.Rd: varimp
selFreq.Rd: cforest
Please provide package anchors for all Rd \link{} targets not in the
package itself and the base packages.
Flavors: r-devel-linux-x86_64-debian-clang, r-devel-linux-x86_64-debian-gcc, r-devel-windows-x86_64
These binaries (installable software) and packages are in development.
They may not be fully stable and should be used with caution. We make no claims about them.