Last updated on 2025-11-12 12:53:17 CET.
| Flavor | Version | Tinstall | Tcheck | Ttotal | Status | Flags |
|---|---|---|---|---|---|---|
| r-devel-linux-x86_64-debian-clang | 1.14 | 6.10 | 25.93 | 32.03 | OK | |
| r-devel-linux-x86_64-debian-gcc | 1.14 | 4.84 | 19.69 | 24.53 | OK | |
| r-devel-linux-x86_64-fedora-clang | 1.14 | 13.00 | 34.65 | 47.65 | NOTE | |
| r-devel-linux-x86_64-fedora-gcc | 1.14 | 16.00 | 32.88 | 48.88 | NOTE | |
| r-devel-windows-x86_64 | 1.14 | 13.00 | 47.00 | 60.00 | OK | |
| r-patched-linux-x86_64 | 1.14 | 6.86 | 24.96 | 31.82 | OK | |
| r-release-linux-x86_64 | 1.14 | 6.08 | 24.25 | 30.33 | OK | |
| r-release-macos-arm64 | 1.14 | 4.00 | 17.00 | 21.00 | OK | |
| r-release-macos-x86_64 | 1.14 | 6.00 | 29.00 | 35.00 | OK | |
| r-release-windows-x86_64 | 1.14 | 12.00 | 46.00 | 58.00 | OK | |
| r-oldrel-macos-arm64 | 1.14 | 5.00 | 16.00 | 21.00 | OK | |
| r-oldrel-macos-x86_64 | 1.14 | 7.00 | 29.00 | 36.00 | OK | |
| r-oldrel-windows-x86_64 | 1.14 | 14.00 | 52.00 | 66.00 | OK |
Version: 1.14
Check: dependencies in R code
Result: NOTE
Namespace in Imports field not imported from: ‘Rdpack’
All declared Imports should be used.
Flavors: r-devel-linux-x86_64-fedora-clang, r-devel-linux-x86_64-fedora-gcc
These binaries (installable software) and packages are in development.
They may not be fully stable and should be used with caution. We make no claims about them.