CRAN Package Check Results for Package perms

Last updated on 2025-02-16 08:50:56 CET.

Flavor Version Tinstall Tcheck Ttotal Status Flags
r-devel-linux-x86_64-debian-clang 1.14 5.25 24.33 29.58 OK
r-devel-linux-x86_64-debian-gcc 1.14 5.54 17.69 23.23 OK
r-devel-linux-x86_64-fedora-clang 1.14 47.63 NOTE
r-devel-linux-x86_64-fedora-gcc 1.14 49.02 NOTE
r-devel-macos-arm64 1.14 22.00 OK
r-devel-macos-x86_64 1.14 36.00 OK
r-devel-windows-x86_64 1.14 12.00 48.00 60.00 OK
r-patched-linux-x86_64 1.14 6.25 22.76 29.01 OK
r-release-linux-x86_64 1.14 6.08 22.73 28.81 OK
r-release-macos-arm64 1.14 21.00 OK
r-release-macos-x86_64 1.14 36.00 OK
r-release-windows-x86_64 1.14 12.00 56.00 68.00 OK
r-oldrel-macos-arm64 1.14 24.00 OK
r-oldrel-macos-x86_64 1.14 34.00 OK
r-oldrel-windows-x86_64 1.14 13.00 50.00 63.00 OK

Check Details

Version: 1.14
Check: dependencies in R code
Result: NOTE Namespace in Imports field not imported from: ‘Rdpack’ All declared Imports should be used. Flavors: r-devel-linux-x86_64-fedora-clang, r-devel-linux-x86_64-fedora-gcc

These binaries (installable software) and packages are in development.
They may not be fully stable and should be used with caution. We make no claims about them.