CRAN Package Check Results for Package permubiome

Last updated on 2025-05-21 23:48:50 CEST.

Flavor Version Tinstall Tcheck Ttotal Status Flags
r-devel-linux-x86_64-debian-clang 1.3.2 10.27 74.49 84.76 NOTE
r-devel-linux-x86_64-debian-gcc 1.3.2 6.23 50.39 56.62 NOTE
r-devel-linux-x86_64-fedora-clang 1.3.2 127.44 OK
r-devel-linux-x86_64-fedora-gcc 1.3.2 120.64 OK
r-devel-windows-x86_64 1.3.2 10.00 88.00 98.00 OK
r-patched-linux-x86_64 1.3.2 9.28 67.15 76.43 OK
r-release-linux-x86_64 1.3.2 9.29 67.25 76.54 OK
r-release-macos-arm64 1.3.2 34.00 OK
r-release-macos-x86_64 1.3.2 68.00 OK
r-release-windows-x86_64 1.3.2 10.00 82.00 92.00 OK
r-oldrel-macos-arm64 1.3.2 34.00 OK
r-oldrel-macos-x86_64 1.3.2 54.00 OK
r-oldrel-windows-x86_64 1.3.2 14.00 93.00 107.00 OK

Check Details

Version: 1.3.2
Check: CRAN incoming feasibility
Result: NOTE Maintainer: ‘Alfonso Benitez-Paez <alfbenpa@gmail.com>’ No Authors@R field in DESCRIPTION. Please add one, modifying Authors@R: person(given = "Alfonso", family = "Benitez-Paez", role = c("aut", "cre"), email = "alfbenpa@gmail.com") as necessary. Flavors: r-devel-linux-x86_64-debian-clang, r-devel-linux-x86_64-debian-gcc

These binaries (installable software) and packages are in development.
They may not be fully stable and should be used with caution. We make no claims about them.