Last updated on 2025-07-25 15:50:08 CEST.
Flavor | Version | Tinstall | Tcheck | Ttotal | Status | Flags |
---|---|---|---|---|---|---|
r-devel-linux-x86_64-debian-clang | 1.3.2 | 9.27 | 72.24 | 81.51 | NOTE | |
r-devel-linux-x86_64-debian-gcc | 1.3.2 | 6.99 | 51.00 | 57.99 | NOTE | |
r-devel-linux-x86_64-fedora-clang | 1.3.2 | 117.24 | OK | |||
r-devel-linux-x86_64-fedora-gcc | 1.3.2 | 112.07 | OK | |||
r-devel-windows-x86_64 | 1.3.2 | 11.00 | 89.00 | 100.00 | OK | |
r-patched-linux-x86_64 | 1.3.2 | 9.36 | 67.40 | 76.76 | OK | |
r-release-linux-x86_64 | 1.3.2 | 8.54 | 68.07 | 76.61 | OK | |
r-release-macos-arm64 | 1.3.2 | 34.00 | OK | |||
r-release-macos-x86_64 | 1.3.2 | 68.00 | OK | |||
r-release-windows-x86_64 | 1.3.2 | 10.00 | 82.00 | 92.00 | OK | |
r-oldrel-macos-arm64 | 1.3.2 | 34.00 | OK | |||
r-oldrel-macos-x86_64 | 1.3.2 | 54.00 | OK | |||
r-oldrel-windows-x86_64 | 1.3.2 | 13.00 | 97.00 | 110.00 | OK |
Version: 1.3.2
Check: CRAN incoming feasibility
Result: NOTE
Maintainer: ‘Alfonso Benitez-Paez <alfbenpa@gmail.com>’
No Authors@R field in DESCRIPTION.
Please add one, modifying
Authors@R: person(given = "Alfonso",
family = "Benitez-Paez",
role = c("aut", "cre"),
email = "alfbenpa@gmail.com")
as necessary.
Flavors: r-devel-linux-x86_64-debian-clang, r-devel-linux-x86_64-debian-gcc
These binaries (installable software) and packages are in development.
They may not be fully stable and should be used with caution. We make no claims about them.