Last updated on 2025-10-23 21:51:36 CEST.
Flavor | Version | Tinstall | Tcheck | Ttotal | Status | Flags |
---|---|---|---|---|---|---|
r-devel-linux-x86_64-debian-clang | 1.1-6 | 9.82 | 155.64 | 165.46 | OK | |
r-devel-linux-x86_64-debian-gcc | 1.1-6 | 8.12 | 116.32 | 124.44 | NOTE | |
r-devel-linux-x86_64-fedora-clang | 1.1-6 | 21.00 | 228.25 | 249.25 | OK | |
r-devel-linux-x86_64-fedora-gcc | 1.1-6 | 23.00 | 236.03 | 259.03 | OK | |
r-devel-windows-x86_64 | 1.1-6 | 12.00 | 166.00 | 178.00 | OK | |
r-patched-linux-x86_64 | 1.1-6 | 10.98 | 148.52 | 159.50 | OK | |
r-release-linux-x86_64 | 1.1-6 | 9.92 | 148.31 | 158.23 | OK | |
r-release-macos-arm64 | 1.1-6 | 5.00 | 99.00 | 104.00 | OK | |
r-release-macos-x86_64 | 1.1-6 | 9.00 | 137.00 | 146.00 | OK | |
r-release-windows-x86_64 | 1.1-6 | 13.00 | 185.00 | 198.00 | OK | |
r-oldrel-macos-arm64 | 1.1-6 | 4.00 | 74.00 | 78.00 | OK | |
r-oldrel-macos-x86_64 | 1.1-6 | 19.00 | 155.00 | 174.00 | OK | |
r-oldrel-windows-x86_64 | 1.1-6 | 15.00 | 194.00 | 209.00 | OK |
Version: 1.1-6
Check: Rd files
Result: NOTE
checkRd: (-1) megaminx.Rd:28-41: Only 4 columns allowed in this table (row 1 has 3)
checkRd: (-1) megaminx.Rd:28-41: Only 4 columns allowed in this table (row 2 has 3)
checkRd: (-1) megaminx.Rd:28-41: Only 4 columns allowed in this table (row 3 has 3)
checkRd: (-1) megaminx.Rd:28-41: Only 4 columns allowed in this table (row 4 has 3)
checkRd: (-1) megaminx.Rd:28-41: Only 4 columns allowed in this table (row 5 has 3)
checkRd: (-1) megaminx.Rd:28-41: Only 4 columns allowed in this table (row 6 has 3)
checkRd: (-1) megaminx.Rd:28-41: Only 4 columns allowed in this table (row 7 has 3)
checkRd: (-1) megaminx.Rd:28-41: Only 4 columns allowed in this table (row 8 has 3)
checkRd: (-1) megaminx.Rd:28-41: Only 4 columns allowed in this table (row 9 has 3)
checkRd: (-1) megaminx.Rd:28-41: Only 4 columns allowed in this table (row 10 has 3)
checkRd: (-1) megaminx.Rd:28-41: Only 4 columns allowed in this table (row 11 has 3)
checkRd: (-1) megaminx.Rd:28-41: Only 4 columns allowed in this table (row 12 has 3)
Flavor: r-devel-linux-x86_64-debian-gcc
These binaries (installable software) and packages are in development.
They may not be fully stable and should be used with caution. We make no claims about them.