Last updated on 2025-05-21 23:48:50 CEST.
Flavor | Version | Tinstall | Tcheck | Ttotal | Status | Flags |
---|---|---|---|---|---|---|
r-devel-linux-x86_64-debian-clang | 0.9-7 | 2.92 | 49.20 | 52.12 | NOTE | |
r-devel-linux-x86_64-debian-gcc | 0.9-7 | 2.40 | 36.62 | 39.02 | NOTE | |
r-devel-linux-x86_64-fedora-clang | 0.9-7 | 80.65 | NOTE | |||
r-devel-linux-x86_64-fedora-gcc | 0.9-7 | 93.73 | NOTE | |||
r-devel-windows-x86_64 | 0.9-7 | 5.00 | 95.00 | 100.00 | NOTE | |
r-patched-linux-x86_64 | 0.9-7 | 2.67 | 45.68 | 48.35 | NOTE | |
r-release-linux-x86_64 | 0.9-7 | 2.90 | 46.19 | 49.09 | NOTE | |
r-release-macos-arm64 | 0.9-7 | 34.00 | NOTE | |||
r-release-macos-x86_64 | 0.9-7 | 77.00 | NOTE | |||
r-release-windows-x86_64 | 0.9-7 | 4.00 | 87.00 | 91.00 | NOTE | |
r-oldrel-macos-arm64 | 0.9-7 | 41.00 | NOTE | |||
r-oldrel-macos-x86_64 | 0.9-7 | 56.00 | NOTE | |||
r-oldrel-windows-x86_64 | 0.9-7 | 7.00 | 89.00 | 96.00 | NOTE |
Version: 0.9-7
Check: Rd files
Result: NOTE
checkRd: (-1) jackal.Rd:32: Escaped LaTeX specials: \&
Flavors: r-devel-linux-x86_64-debian-clang, r-devel-linux-x86_64-debian-gcc, r-devel-linux-x86_64-fedora-clang, r-devel-linux-x86_64-fedora-gcc, r-devel-windows-x86_64, r-patched-linux-x86_64, r-release-linux-x86_64, r-release-macos-arm64, r-release-macos-x86_64, r-release-windows-x86_64, r-oldrel-macos-arm64, r-oldrel-macos-x86_64, r-oldrel-windows-x86_64
These binaries (installable software) and packages are in development.
They may not be fully stable and should be used with caution. We make no claims about them.