Last updated on 2025-05-01 15:49:39 CEST.
Flavor | Version | Tinstall | Tcheck | Ttotal | Status | Flags |
---|---|---|---|---|---|---|
r-devel-linux-x86_64-debian-clang | 0.0.3 | 3.86 | 33.37 | 37.23 | NOTE | |
r-devel-linux-x86_64-debian-gcc | 0.0.3 | 2.96 | 24.86 | 27.82 | NOTE | |
r-devel-linux-x86_64-fedora-clang | 0.0.3 | 61.86 | OK | |||
r-devel-linux-x86_64-fedora-gcc | 0.0.3 | 55.02 | OK | |||
r-devel-windows-x86_64 | 0.0.3 | 6.00 | 61.00 | 67.00 | OK | |
r-patched-linux-x86_64 | 0.0.3 | 4.09 | 31.69 | 35.78 | OK | |
r-release-linux-x86_64 | OK | |||||
r-release-macos-arm64 | 0.0.3 | 24.00 | OK | |||
r-release-macos-x86_64 | 0.0.3 | 34.00 | OK | |||
r-release-windows-x86_64 | 0.0.3 | 6.00 | 61.00 | 67.00 | OK | |
r-oldrel-macos-arm64 | 0.0.3 | 21.00 | OK | |||
r-oldrel-macos-x86_64 | 0.0.3 | 32.00 | OK | |||
r-oldrel-windows-x86_64 | 0.0.3 | 8.00 | 60.00 | 68.00 | OK |
Version: 0.0.3
Check: CRAN incoming feasibility
Result: NOTE
Maintainer: ‘Gabriel Kaiser <quantresearch.gk@gmail.com>’
Found the following \keyword or \concept entries
which likely give several index terms:
File ‘perplexR-package.Rd’:
\keyword{annotate;}
Flavors: r-devel-linux-x86_64-debian-clang, r-devel-linux-x86_64-debian-gcc
These binaries (installable software) and packages are in development.
They may not be fully stable and should be used with caution. We make no claims about them.