Last updated on 2025-10-23 15:50:04 CEST.
Flavor | Version | Tinstall | Tcheck | Ttotal | Status | Flags |
---|---|---|---|---|---|---|
r-devel-linux-x86_64-debian-clang | 0.0.3 | 3.33 | 34.98 | 38.31 | NOTE | |
r-devel-linux-x86_64-debian-gcc | 0.0.3 | 2.93 | 26.47 | 29.40 | NOTE | |
r-devel-linux-x86_64-fedora-clang | 0.0.3 | 53.63 | OK | |||
r-devel-linux-x86_64-fedora-gcc | 0.0.3 | 54.93 | OK | |||
r-devel-windows-x86_64 | 0.0.3 | 6.00 | 57.00 | 63.00 | OK | |
r-patched-linux-x86_64 | 0.0.3 | 3.18 | 33.29 | 36.47 | OK | |
r-release-linux-x86_64 | 0.0.3 | 3.74 | 33.04 | 36.78 | OK | |
r-release-macos-arm64 | 0.0.3 | 2.00 | 22.00 | 24.00 | OK | |
r-release-macos-x86_64 | 0.0.3 | 3.00 | 31.00 | 34.00 | OK | |
r-release-windows-x86_64 | 0.0.3 | 5.00 | 57.00 | 62.00 | OK | |
r-oldrel-macos-arm64 | 0.0.3 | 2.00 | 19.00 | 21.00 | OK | |
r-oldrel-macos-x86_64 | 0.0.3 | 3.00 | 29.00 | 32.00 | OK | |
r-oldrel-windows-x86_64 | 0.0.3 | 7.00 | 65.00 | 72.00 | OK |
Version: 0.0.3
Check: CRAN incoming feasibility
Result: NOTE
Maintainer: ‘Gabriel Kaiser <quantresearch.gk@gmail.com>’
Found the following \keyword or \concept entries
which likely give several index terms:
File ‘perplexR-package.Rd’:
\keyword{annotate;}
Flavors: r-devel-linux-x86_64-debian-clang, r-devel-linux-x86_64-debian-gcc
Version: 0.0.3
Check: HTML version of manual
Result: NOTE
Found the following HTML validation problems:
API_Request.html:109:1 (API_Request.Rd:53): Warning: missing </ul> before </div>
execAddin.html:46:1 (execAddin.Rd:10): Warning: missing </ul> before </div>
Flavor: r-devel-linux-x86_64-debian-clang
These binaries (installable software) and packages are in development.
They may not be fully stable and should be used with caution. We make no claims about them.