CRAN Package Check Results for Package perspectev

Last updated on 2025-07-19 09:48:36 CEST.

Flavor Version Tinstall Tcheck Ttotal Status Flags
r-devel-linux-x86_64-debian-clang 1.1 7.19 62.15 69.34 NOTE
r-devel-linux-x86_64-debian-gcc 1.1 4.96 44.58 49.54 NOTE
r-devel-linux-x86_64-fedora-clang 1.1 96.64 OK
r-devel-linux-x86_64-fedora-gcc 1.1 96.61 OK
r-devel-windows-x86_64 1.1 9.00 74.00 83.00 OK
r-patched-linux-x86_64 1.1 7.17 57.65 64.82 OK
r-release-linux-x86_64 1.1 6.71 57.80 64.51 OK
r-release-macos-arm64 1.1 31.00 OK
r-release-macos-x86_64 1.1 57.00 OK
r-release-windows-x86_64 1.1 9.00 80.00 89.00 OK
r-oldrel-macos-arm64 1.1 29.00 OK
r-oldrel-macos-x86_64 1.1 46.00 OK
r-oldrel-windows-x86_64 1.1 12.00 89.00 101.00 OK

Check Details

Version: 1.1
Check: CRAN incoming feasibility
Result: NOTE Maintainer: ‘Kenneth B. Hoehn <perspectev@gmail.com>’ Package CITATION file contains call(s) to old-style citEntry(). Please use bibentry() instead. The Description field contains http://evolve.zoo.ox.ac.uk/Evolve/Perspectev.html. Please enclose URLs in angle brackets (<...>). Flavors: r-devel-linux-x86_64-debian-clang, r-devel-linux-x86_64-debian-gcc

These binaries (installable software) and packages are in development.
They may not be fully stable and should be used with caution. We make no claims about them.