Last updated on 2025-10-23 15:50:04 CEST.
Flavor | Version | Tinstall | Tcheck | Ttotal | Status | Flags |
---|---|---|---|---|---|---|
r-devel-linux-x86_64-debian-clang | 0.3.1 | 2.33 | 29.13 | 31.46 | NOTE | |
r-devel-linux-x86_64-debian-gcc | 0.3.1 | 1.51 | 23.42 | 24.93 | OK | |
r-devel-linux-x86_64-fedora-clang | 0.3.1 | 44.31 | OK | |||
r-devel-linux-x86_64-fedora-gcc | 0.3.1 | 42.54 | OK | |||
r-devel-windows-x86_64 | 0.3.1 | 3.00 | 48.00 | 51.00 | OK | |
r-patched-linux-x86_64 | 0.3.1 | 2.09 | 25.96 | 28.05 | OK | |
r-release-linux-x86_64 | 0.3.1 | 2.04 | 26.37 | 28.41 | OK | |
r-release-macos-arm64 | 0.3.1 | 1.00 | 18.00 | 19.00 | OK | |
r-release-macos-x86_64 | 0.3.1 | 2.00 | 26.00 | 28.00 | OK | |
r-release-windows-x86_64 | 0.3.1 | 6.00 | 50.00 | 56.00 | OK | |
r-oldrel-macos-arm64 | 0.3.1 | 1.00 | 16.00 | 17.00 | NOTE | |
r-oldrel-macos-x86_64 | 0.3.1 | 2.00 | 22.00 | 24.00 | NOTE | |
r-oldrel-windows-x86_64 | 0.3.1 | 5.00 | 53.00 | 58.00 | NOTE |
Version: 0.3.1
Check: HTML version of manual
Result: NOTE
Found the following HTML validation problems:
is_Iterator.html:46:1 (is_Iterator.Rd:10): Warning: missing </ul> before </div>
Flavor: r-devel-linux-x86_64-debian-clang
Version: 0.3.1
Check: LazyData
Result: NOTE
'LazyData' is specified without a 'data' directory
Flavors: r-oldrel-macos-arm64, r-oldrel-macos-x86_64, r-oldrel-windows-x86_64
These binaries (installable software) and packages are in development.
They may not be fully stable and should be used with caution. We make no claims about them.