Last updated on 2025-02-16 08:50:56 CET.
Flavor | Version | Tinstall | Tcheck | Ttotal | Status | Flags |
---|---|---|---|---|---|---|
r-devel-linux-x86_64-debian-clang | 0.3.1 | 2.30 | 25.22 | 27.52 | OK | |
r-devel-linux-x86_64-debian-gcc | 0.3.1 | 1.66 | 19.74 | 21.40 | OK | |
r-devel-linux-x86_64-fedora-clang | 0.3.1 | 44.98 | OK | |||
r-devel-linux-x86_64-fedora-gcc | 0.3.1 | 41.67 | OK | |||
r-devel-macos-arm64 | 0.3.1 | 16.00 | OK | |||
r-devel-macos-x86_64 | 0.3.1 | 27.00 | OK | |||
r-devel-windows-x86_64 | 0.3.1 | 3.00 | 48.00 | 51.00 | OK | |
r-patched-linux-x86_64 | 0.3.1 | 2.32 | 24.01 | 26.33 | NOTE | |
r-release-linux-x86_64 | 0.3.1 | 2.11 | 24.09 | 26.20 | NOTE | |
r-release-macos-arm64 | 0.3.1 | 17.00 | NOTE | |||
r-release-macos-x86_64 | 0.3.1 | 24.00 | NOTE | |||
r-release-windows-x86_64 | 0.3.1 | 3.00 | 48.00 | 51.00 | NOTE | |
r-oldrel-macos-arm64 | 0.3.1 | 18.00 | NOTE | |||
r-oldrel-macos-x86_64 | 0.3.1 | 24.00 | NOTE | |||
r-oldrel-windows-x86_64 | 0.3.1 | 4.00 | 52.00 | 56.00 | NOTE |
Version: 0.3.1
Check: LazyData
Result: NOTE
'LazyData' is specified without a 'data' directory
Flavors: r-patched-linux-x86_64, r-release-linux-x86_64, r-release-macos-arm64, r-release-macos-x86_64, r-release-windows-x86_64, r-oldrel-macos-arm64, r-oldrel-macos-x86_64, r-oldrel-windows-x86_64
These binaries (installable software) and packages are in development.
They may not be fully stable and should be used with caution. We make no claims about them.