Last updated on 2025-05-01 12:49:36 CEST.
Flavor | Version | Tinstall | Tcheck | Ttotal | Status | Flags |
---|---|---|---|---|---|---|
r-devel-linux-x86_64-debian-clang | 0.7.5 | 1.82 | 17.42 | 19.24 | NOTE | |
r-devel-linux-x86_64-debian-gcc | 0.7.5 | 1.33 | 14.37 | 15.70 | NOTE | |
r-devel-linux-x86_64-fedora-clang | 0.7.5 | 30.35 | OK | |||
r-devel-linux-x86_64-fedora-gcc | 0.7.5 | 29.50 | OK | |||
r-devel-windows-x86_64 | 0.7.5 | 3.00 | 41.00 | 44.00 | OK | |
r-patched-linux-x86_64 | 0.7.5 | 1.78 | 16.78 | 18.56 | OK | |
r-release-linux-x86_64 | OK | |||||
r-release-macos-arm64 | 0.7.5 | 15.00 | OK | |||
r-release-macos-x86_64 | 0.7.5 | 23.00 | OK | |||
r-release-windows-x86_64 | 0.7.5 | 3.00 | 45.00 | 48.00 | OK | |
r-oldrel-macos-arm64 | 0.7.5 | 14.00 | OK | |||
r-oldrel-macos-x86_64 | 0.7.5 | 27.00 | OK | |||
r-oldrel-windows-x86_64 | 0.7.5 | 3.00 | 38.00 | 41.00 | OK |
Version: 0.7.5
Check: CRAN incoming feasibility
Result: NOTE
Maintainer: ‘Piotr Sobczyk <pj.sobczyk@gmail.com>’
No Authors@R field in DESCRIPTION.
Please add one, modifying
Authors@R: c(person(given = "Piotr",
family = "Sobczyk",
role = c("aut", "cre"),
email = "pj.sobczyk@gmail.com"),
person(given = "Julie",
family = "Josse",
role = "aut"),
person(given = "Malgorzata",
family = "Bogdan",
role = "aut"))
as necessary.
Flavors: r-devel-linux-x86_64-debian-clang, r-devel-linux-x86_64-debian-gcc
These binaries (installable software) and packages are in development.
They may not be fully stable and should be used with caution. We make no claims about them.