Last updated on 2025-11-11 15:50:42 CET.
| Flavor | Version | Tinstall | Tcheck | Ttotal | Status | Flags |
|---|---|---|---|---|---|---|
| r-devel-linux-x86_64-debian-clang | 0.3.0 | 4.69 | 39.90 | 44.59 | NOTE | |
| r-devel-linux-x86_64-debian-gcc | 0.3.0 | 3.51 | 29.18 | 32.69 | NOTE | |
| r-devel-linux-x86_64-fedora-clang | 0.3.0 | 11.00 | 55.44 | 66.44 | NOTE | |
| r-devel-linux-x86_64-fedora-gcc | 0.3.0 | 13.00 | 49.58 | 62.58 | NOTE | |
| r-devel-windows-x86_64 | 0.3.0 | 6.00 | 57.00 | 63.00 | NOTE | |
| r-patched-linux-x86_64 | 0.3.0 | 4.65 | 37.09 | 41.74 | NOTE | |
| r-release-linux-x86_64 | 0.3.0 | 4.88 | 37.12 | 42.00 | NOTE | |
| r-release-macos-arm64 | 0.3.0 | 2.00 | 23.00 | 25.00 | NOTE | |
| r-release-macos-x86_64 | 0.3.0 | 4.00 | 34.00 | 38.00 | NOTE | |
| r-release-windows-x86_64 | 0.3.0 | 7.00 | 58.00 | 65.00 | NOTE | |
| r-oldrel-macos-arm64 | 0.3.0 | 2.00 | 22.00 | 24.00 | NOTE | |
| r-oldrel-macos-x86_64 | 0.3.0 | 5.00 | 40.00 | 45.00 | NOTE | |
| r-oldrel-windows-x86_64 | 0.3.0 | 10.00 | 64.00 | 74.00 | NOTE |
Version: 0.3.0
Check: Rd files
Result: NOTE
checkRd: (-1) read_PN.Rd:15: Lost braces
15 | A code{\link{marked_petrinet}}
| ^
Flavors: r-devel-linux-x86_64-debian-clang, r-devel-linux-x86_64-debian-gcc, r-devel-linux-x86_64-fedora-clang, r-devel-linux-x86_64-fedora-gcc, r-devel-windows-x86_64, r-patched-linux-x86_64, r-release-linux-x86_64, r-release-macos-arm64, r-release-macos-x86_64, r-release-windows-x86_64, r-oldrel-macos-arm64, r-oldrel-macos-x86_64, r-oldrel-windows-x86_64
These binaries (installable software) and packages are in development.
They may not be fully stable and should be used with caution. We make no claims about them.