CRAN Package Check Results for Package petrinetR

Last updated on 2025-05-08 04:52:13 CEST.

Flavor Version Tinstall Tcheck Ttotal Status Flags
r-devel-linux-x86_64-debian-clang 0.3.0 4.45 37.86 42.31 NOTE
r-devel-linux-x86_64-debian-gcc 0.3.0 3.41 28.57 31.98 NOTE
r-devel-linux-x86_64-fedora-clang 0.3.0 67.08 NOTE
r-devel-linux-x86_64-fedora-gcc 0.3.0 64.16 NOTE
r-devel-windows-x86_64 0.3.0 7.00 57.00 64.00 NOTE
r-patched-linux-x86_64 0.3.0 4.71 35.35 40.06 NOTE
r-release-linux-x86_64 0.3.0 5.04 35.42 40.46 NOTE
r-release-macos-arm64 0.3.0 25.00 NOTE
r-release-macos-x86_64 0.3.0 38.00 NOTE
r-release-windows-x86_64 0.3.0 6.00 60.00 66.00 NOTE
r-oldrel-macos-arm64 0.3.0 24.00 NOTE
r-oldrel-macos-x86_64 0.3.0 45.00 NOTE
r-oldrel-windows-x86_64 0.3.0 8.00 65.00 73.00 NOTE

Check Details

Version: 0.3.0
Check: Rd files
Result: NOTE checkRd: (-1) read_PN.Rd:15: Lost braces 15 | A code{\link{marked_petrinet}} | ^ Flavors: r-devel-linux-x86_64-debian-clang, r-devel-linux-x86_64-debian-gcc, r-devel-linux-x86_64-fedora-clang, r-devel-linux-x86_64-fedora-gcc, r-devel-windows-x86_64, r-patched-linux-x86_64, r-release-linux-x86_64, r-release-macos-arm64, r-release-macos-x86_64, r-release-windows-x86_64, r-oldrel-macos-arm64, r-oldrel-macos-x86_64, r-oldrel-windows-x86_64

These binaries (installable software) and packages are in development.
They may not be fully stable and should be used with caution. We make no claims about them.