Last updated on 2025-05-01 14:49:17 CEST.
Flavor | Version | Tinstall | Tcheck | Ttotal | Status | Flags |
---|---|---|---|---|---|---|
r-devel-linux-x86_64-debian-clang | 1.2-4 | 14.55 | 172.09 | 186.64 | NOTE | |
r-devel-linux-x86_64-debian-gcc | 1.2-4 | 10.45 | 118.49 | 128.94 | NOTE | |
r-devel-linux-x86_64-fedora-clang | 1.2-4 | 307.28 | OK | |||
r-devel-linux-x86_64-fedora-gcc | 1.2-4 | 306.27 | OK | |||
r-devel-windows-x86_64 | 1.2-4 | 18.00 | 187.00 | 205.00 | NOTE | |
r-patched-linux-x86_64 | 1.2-4 | 16.97 | 165.49 | 182.46 | NOTE | |
r-release-linux-x86_64 | NOTE | |||||
r-release-macos-arm64 | 1.2-4 | 94.00 | OK | |||
r-release-macos-x86_64 | 1.2-4 | 188.00 | OK | |||
r-release-windows-x86_64 | 1.2-4 | 19.00 | 0.00 | 19.00 | FAIL | |
r-oldrel-macos-arm64 | 1.2-4 | 77.00 | OK | |||
r-oldrel-macos-x86_64 | 1.2-4 | 191.00 | OK | |||
r-oldrel-windows-x86_64 | 1.2-4 | 22.00 | 234.00 | 256.00 | OK |
Version: 1.2-4
Check: CRAN incoming feasibility
Result: NOTE
Maintainer: ‘William D. Pearse <will.pearse@gmail.com>’
No Authors@R field in DESCRIPTION.
Please add one, modifying
Authors@R: c(person(given = c("William", "D."),
family = "Pearse",
role = c("aut", "cre"),
email = "will.pearse@gmail.com"),
person(given = c("Marc", "W."),
family = "Cadotte",
role = "aut"),
person(given = "Jeannine",
family = "Cavender-Bares",
role = "aut"),
person(given = c("Anthony", "R."),
family = "Ives",
role = "aut"),
person(given = "Caroline",
family = "Tucker",
role = "aut"),
person(given = c("Steve", "C."),
family = "Walker",
role = "aut"),
person(given = c("Matthew", "R."),
family = "Helmus",
role = "aut"))
as necessary.
Package CITATION file contains call(s) to old-style personList() or
as.personList(). Please use c() on person objects instead.
Package CITATION file contains call(s) to old-style citEntry(). Please
use bibentry() instead.
Flavors: r-devel-linux-x86_64-debian-clang, r-devel-linux-x86_64-debian-gcc
Version: 1.2-4
Check: Rd cross-references
Result: NOTE
Found the following Rd file(s) with Rd \link{} targets missing package
anchors:
cc.manip.Rd: vegan
comparative.comm.Rd: vegan
drop_tip.Rd: drop.tip
eco.xxx.regression.Rd: picante, rq
fingerprint.regression.Rd: picante
generic.metrics.Rd: picante
laja.Rd: phylo
pez.dispersion.Rd: picante
pez.metrics.Rd: picante, caper, FD, ape
phy.signal.Rd: pgls
scape.Rd: phylo, corGrafen, corBlomberg
Please provide package anchors for all Rd \link{} targets not in the
package itself and the base packages.
Flavors: r-devel-linux-x86_64-debian-clang, r-devel-linux-x86_64-debian-gcc, r-devel-windows-x86_64, r-patched-linux-x86_64, r-release-linux-x86_64, r-release-windows-x86_64
Version: 1.2-4
Check: PDF version of manual
Result: FAIL
Check process probably crashed or hung up for 20 minutes ... killed
Most likely this happened in the example checks (?),
if not, ignore the following last lines of example output:
> flush(stderr()); flush(stdout())
>
> ### Name: trait.asm
> ### Title: Produces simulated communities based on species attributes
> ### Aliases: trait.asm
>
> ### ** Examples
>
> ## Not run:
> ##D data(laja)
> ##D trait.asm(laja$fish.pref)
> ## End(Not run)
>
>
>
> ### * <FOOTER>
> ###
> cleanEx()
> options(digits = 7L)
> base::cat("Time elapsed: ", proc.time() - base::get("ptime", pos = 'CheckExEnv'),"\n")
Time elapsed: 17.05 1.23 18.28 NA NA
> grDevices::dev.off()
null device
1
> ###
> ### Local variables: ***
> ### mode: outline-minor ***
> ### outline-regexp: "\\(> \\)?### [*]+" ***
> ### End: ***
> quit('no')
======== End of example output (where/before crash/hang up occured ?) ========
Flavor: r-release-windows-x86_64
These binaries (installable software) and packages are in development.
They may not be fully stable and should be used with caution. We make no claims about them.