Last updated on 2025-05-03 22:50:03 CEST.
Flavor | Version | Tinstall | Tcheck | Ttotal | Status | Flags |
---|---|---|---|---|---|---|
r-devel-linux-x86_64-debian-clang | 0.1.0 | 26.60 | 31.35 | 57.95 | OK | |
r-devel-linux-x86_64-debian-gcc | 0.1.0 | 19.08 | 24.14 | 43.22 | OK | |
r-devel-linux-x86_64-fedora-clang | 0.1.0 | 101.07 | NOTE | |||
r-devel-linux-x86_64-fedora-gcc | 0.1.0 | 103.75 | NOTE | |||
r-devel-windows-x86_64 | 0.1.0 | 31.00 | 66.00 | 97.00 | OK | |
r-patched-linux-x86_64 | 0.1.0 | 25.84 | 29.39 | 55.23 | OK | |
r-release-linux-x86_64 | OK | |||||
r-release-macos-arm64 | 0.1.0 | 31.00 | OK | |||
r-release-macos-x86_64 | 0.1.0 | 49.00 | OK | |||
r-release-windows-x86_64 | 0.1.0 | 32.00 | 73.00 | 105.00 | OK | |
r-oldrel-macos-arm64 | 0.1.0 | 29.00 | NOTE | |||
r-oldrel-macos-x86_64 | 0.1.0 | 43.00 | NOTE | |||
r-oldrel-windows-x86_64 | 0.1.0 | 36.00 | 80.00 | 116.00 | NOTE |
Version: 0.1.0
Check: compiled code
Result: NOTE
File ‘pgee.mixed/libs/pgee.mixed.so’:
Found no calls to: ‘R_registerRoutines’, ‘R_useDynamicSymbols’
It is good practice to register native routines and to disable symbol
search.
See ‘Writing portable packages’ in the ‘Writing R Extensions’ manual.
Flavors: r-devel-linux-x86_64-fedora-clang, r-devel-linux-x86_64-fedora-gcc
Version: 0.1.0
Check: LazyData
Result: NOTE
'LazyData' is specified without a 'data' directory
Flavors: r-oldrel-macos-arm64, r-oldrel-macos-x86_64, r-oldrel-windows-x86_64
These binaries (installable software) and packages are in development.
They may not be fully stable and should be used with caution. We make no claims about them.