Last updated on 2025-11-14 09:50:10 CET.
| Flavor | Version | Tinstall | Tcheck | Ttotal | Status | Flags |
|---|---|---|---|---|---|---|
| r-devel-linux-x86_64-debian-clang | 0.1.0 | 24.70 | 32.82 | 57.52 | OK | |
| r-devel-linux-x86_64-debian-gcc | 0.1.0 | 17.00 | 26.05 | 43.05 | OK | |
| r-devel-linux-x86_64-fedora-clang | 0.1.0 | 46.00 | 49.53 | 95.53 | NOTE | |
| r-devel-linux-x86_64-fedora-gcc | 0.1.0 | 61.00 | 33.10 | 94.10 | NOTE | |
| r-devel-windows-x86_64 | 0.1.0 | 31.00 | 67.00 | 98.00 | OK | |
| r-patched-linux-x86_64 | 0.1.0 | 27.05 | 30.72 | 57.77 | OK | |
| r-release-linux-x86_64 | 0.1.0 | 25.89 | 30.74 | 56.63 | OK | |
| r-release-macos-arm64 | 0.1.0 | 11.00 | 20.00 | 31.00 | OK | |
| r-release-macos-x86_64 | 0.1.0 | 18.00 | 31.00 | 49.00 | OK | |
| r-release-windows-x86_64 | 0.1.0 | 32.00 | 66.00 | 98.00 | OK | |
| r-oldrel-macos-arm64 | 0.1.0 | 11.00 | 18.00 | 29.00 | NOTE | |
| r-oldrel-macos-x86_64 | 0.1.0 | 15.00 | 28.00 | 43.00 | NOTE | |
| r-oldrel-windows-x86_64 | 0.1.0 | 38.00 | 78.00 | 116.00 | NOTE |
Version: 0.1.0
Check: compiled code
Result: NOTE
File ‘pgee.mixed/libs/pgee.mixed.so’:
Found no calls to: ‘R_registerRoutines’, ‘R_useDynamicSymbols’
It is good practice to register native routines and to disable symbol
search.
See ‘Writing portable packages’ in the ‘Writing R Extensions’ manual.
Flavors: r-devel-linux-x86_64-fedora-clang, r-devel-linux-x86_64-fedora-gcc
Version: 0.1.0
Check: LazyData
Result: NOTE
'LazyData' is specified without a 'data' directory
Flavors: r-oldrel-macos-arm64, r-oldrel-macos-x86_64, r-oldrel-windows-x86_64
These binaries (installable software) and packages are in development.
They may not be fully stable and should be used with caution. We make no claims about them.