Last updated on 2025-02-16 08:50:56 CET.
Flavor | Version | Tinstall | Tcheck | Ttotal | Status | Flags |
---|---|---|---|---|---|---|
r-devel-linux-x86_64-debian-clang | 0.4.0 | 40.13 | 27.77 | 67.90 | OK | |
r-devel-linux-x86_64-debian-gcc | 0.4.0 | 31.43 | 21.91 | 53.34 | OK | |
r-devel-linux-x86_64-fedora-clang | 0.4.0 | 134.45 | OK | |||
r-devel-linux-x86_64-fedora-gcc | 0.4.0 | 136.67 | OK | |||
r-devel-macos-arm64 | 0.4.0 | 37.00 | OK | |||
r-devel-macos-x86_64 | 0.4.0 | 55.00 | OK | |||
r-devel-windows-x86_64 | 0.4.0 | 74.00 | 90.00 | 164.00 | OK | |
r-patched-linux-x86_64 | 0.4.0 | 42.60 | 24.90 | 67.50 | OK | |
r-release-linux-x86_64 | 0.4.0 | 43.06 | 24.75 | 67.81 | OK | |
r-release-macos-arm64 | 0.4.0 | 45.00 | NOTE | |||
r-release-macos-x86_64 | 0.4.0 | 64.00 | NOTE | |||
r-release-windows-x86_64 | 0.4.0 | 76.00 | 84.00 | 160.00 | NOTE | |
r-oldrel-macos-arm64 | 0.4.0 | 49.00 | NOTE | |||
r-oldrel-macos-x86_64 | 0.4.0 | 63.00 | NOTE | |||
r-oldrel-windows-x86_64 | 0.4.0 | 75.00 | 94.00 | 169.00 | NOTE |
Version: 0.4.0
Check: installed package size
Result: NOTE
installed size is 17.3Mb
sub-directories of 1Mb or more:
include 13.0Mb
libs 4.1Mb
Flavors: r-release-macos-arm64, r-release-macos-x86_64, r-release-windows-x86_64, r-oldrel-macos-arm64, r-oldrel-macos-x86_64, r-oldrel-windows-x86_64
These binaries (installable software) and packages are in development.
They may not be fully stable and should be used with caution. We make no claims about them.