Last updated on 2025-11-16 03:50:05 CET.
| Flavor | Version | Tinstall | Tcheck | Ttotal | Status | Flags |
|---|---|---|---|---|---|---|
| r-devel-linux-x86_64-debian-clang | 0.5.3 | 41.98 | 32.29 | 74.27 | OK | |
| r-devel-linux-x86_64-debian-gcc | 0.5.3 | 32.50 | 26.52 | 59.02 | OK | |
| r-devel-linux-x86_64-fedora-clang | 0.5.3 | 86.00 | 49.22 | 135.22 | OK | |
| r-devel-linux-x86_64-fedora-gcc | 0.5.3 | 80.00 | 43.84 | 123.84 | OK | |
| r-devel-windows-x86_64 | 0.5.3 | 104.00 | 70.00 | 174.00 | OK | |
| r-patched-linux-x86_64 | 0.5.3 | 43.32 | 31.22 | 74.54 | OK | |
| r-release-linux-x86_64 | 0.5.3 | 42.58 | 31.09 | 73.67 | OK | |
| r-release-macos-arm64 | 0.5.3 | 24.00 | 18.00 | 42.00 | OK | |
| r-release-macos-x86_64 | 0.5.3 | 30.00 | 38.00 | 68.00 | OK | |
| r-release-windows-x86_64 | 0.5.3 | 89.00 | 70.00 | 159.00 | OK | |
| r-oldrel-macos-arm64 | 0.5.3 | 19.00 | 20.00 | 39.00 | NOTE | |
| r-oldrel-macos-x86_64 | 0.5.3 | 24.00 | 41.00 | 65.00 | NOTE | |
| r-oldrel-windows-x86_64 | 0.5.3 | 80.00 | 88.00 | 168.00 | NOTE |
Version: 0.5.3
Check: installed package size
Result: NOTE
installed size is 17.1Mb
sub-directories of 1Mb or more:
include 12.8Mb
libs 4.1Mb
Flavors: r-oldrel-macos-arm64, r-oldrel-macos-x86_64, r-oldrel-windows-x86_64
These binaries (installable software) and packages are in development.
They may not be fully stable and should be used with caution. We make no claims about them.