Last updated on 2025-05-01 15:49:39 CEST.
Flavor | Version | Tinstall | Tcheck | Ttotal | Status | Flags |
---|---|---|---|---|---|---|
r-devel-linux-x86_64-debian-clang | 0.2-3 | 6.27 | 62.73 | 69.00 | NOTE | |
r-devel-linux-x86_64-debian-gcc | 0.2-3 | 4.56 | 44.86 | 49.42 | NOTE | |
r-devel-linux-x86_64-fedora-clang | 0.2-3 | 117.23 | NOTE | |||
r-devel-linux-x86_64-fedora-gcc | 0.2-3 | 104.72 | NOTE | |||
r-devel-windows-x86_64 | 0.2-3 | 10.00 | 73.00 | 83.00 | NOTE | |
r-patched-linux-x86_64 | 0.2-3 | 5.79 | 58.87 | 64.66 | NOTE | |
r-release-linux-x86_64 | NOTE | |||||
r-release-macos-arm64 | 0.2-3 | 37.00 | NOTE | |||
r-release-macos-x86_64 | 0.2-3 | 65.00 | NOTE | |||
r-release-windows-x86_64 | 0.2-3 | 9.00 | 73.00 | 82.00 | NOTE | |
r-oldrel-macos-arm64 | 0.2-3 | 34.00 | NOTE | |||
r-oldrel-macos-x86_64 | 0.2-3 | 56.00 | NOTE | |||
r-oldrel-windows-x86_64 | 0.2-3 | 12.00 | 87.00 | 99.00 | NOTE |
Version: 0.2-3
Check: Rd files
Result: NOTE
checkRd: (-1) PatentsRD.Rd:4: Escaped LaTeX specials: \&
checkRd: (-1) PatentsRD.Rd:30: Escaped LaTeX specials: \&
checkRd: (-1) PatentsRDUS.Rd:4: Escaped LaTeX specials: \&
Flavors: r-devel-linux-x86_64-debian-clang, r-devel-linux-x86_64-debian-gcc, r-devel-linux-x86_64-fedora-clang, r-devel-linux-x86_64-fedora-gcc, r-devel-windows-x86_64, r-patched-linux-x86_64, r-release-linux-x86_64, r-release-macos-arm64, r-release-macos-x86_64, r-release-windows-x86_64, r-oldrel-macos-arm64, r-oldrel-macos-x86_64, r-oldrel-windows-x86_64
These binaries (installable software) and packages are in development.
They may not be fully stable and should be used with caution. We make no claims about them.