CRAN Package Check Results for Package ph2bye

Last updated on 2025-02-16 08:50:56 CET.

Flavor Version Tinstall Tcheck Ttotal Status Flags
r-devel-linux-x86_64-debian-clang 0.1.4 9.70 32.25 41.95 NOTE
r-devel-linux-x86_64-debian-gcc 0.1.4 6.85 24.08 30.93 NOTE
r-devel-linux-x86_64-fedora-clang 0.1.4 78.84 NOTE
r-devel-linux-x86_64-fedora-gcc 0.1.4 71.63 NOTE
r-devel-macos-arm64 0.1.4 20.00 OK
r-devel-macos-x86_64 0.1.4 39.00 OK
r-devel-windows-x86_64 0.1.4 13.00 76.00 89.00 OK
r-patched-linux-x86_64 0.1.4 9.15 30.41 39.56 NOTE
r-release-linux-x86_64 0.1.4 8.12 30.33 38.45 NOTE
r-release-macos-arm64 0.1.4 23.00 NOTE
r-release-macos-x86_64 0.1.4 35.00 NOTE
r-release-windows-x86_64 0.1.4 12.00 81.00 93.00 NOTE
r-oldrel-macos-arm64 0.1.4 27.00 NOTE
r-oldrel-macos-x86_64 0.1.4 39.00 NOTE
r-oldrel-windows-x86_64 0.1.4 16.00 77.00 93.00 NOTE

Check Details

Version: 0.1.4
Check: for non-standard things in the check directory
Result: NOTE Found the following files/directories: ‘animation.gif’ Flavors: r-devel-linux-x86_64-debian-clang, r-devel-linux-x86_64-debian-gcc, r-devel-linux-x86_64-fedora-clang, r-devel-linux-x86_64-fedora-gcc, r-patched-linux-x86_64, r-release-linux-x86_64

Version: 0.1.4
Check: compiled code
Result: NOTE File ‘ph2bye/libs/ph2bye.so’: Found no calls to: ‘R_registerRoutines’, ‘R_useDynamicSymbols’ It is good practice to register native routines and to disable symbol search. See ‘Writing portable packages’ in the ‘Writing R Extensions’ manual. Flavors: r-devel-linux-x86_64-fedora-clang, r-devel-linux-x86_64-fedora-gcc

Version: 0.1.4
Check: LazyData
Result: NOTE 'LazyData' is specified without a 'data' directory Flavors: r-patched-linux-x86_64, r-release-linux-x86_64, r-release-macos-arm64, r-release-macos-x86_64, r-release-windows-x86_64, r-oldrel-macos-arm64, r-oldrel-macos-x86_64, r-oldrel-windows-x86_64

These binaries (installable software) and packages are in development.
They may not be fully stable and should be used with caution. We make no claims about them.