CRAN Package Check Results for Package ph2mult

Last updated on 2025-02-07 08:51:31 CET.

Flavor Version Tinstall Tcheck Ttotal Status Flags
r-devel-linux-x86_64-debian-clang 0.1.1 2.53 24.39 26.92 OK
r-devel-linux-x86_64-debian-gcc 0.1.1 1.91 18.43 20.34 OK
r-devel-linux-x86_64-fedora-clang 0.1.1 44.04 OK
r-devel-linux-x86_64-fedora-gcc 0.1.1 40.00 OK
r-devel-windows-x86_64 0.1.1 3.00 53.00 56.00 OK
r-patched-linux-x86_64 0.1.1 2.68 23.05 25.73 NOTE
r-release-linux-x86_64 0.1.1 1.95 23.20 25.15 NOTE
r-release-macos-arm64 0.1.1 17.00 NOTE
r-release-macos-x86_64 0.1.1 27.00 NOTE
r-release-windows-x86_64 0.1.1 3.00 55.00 58.00 NOTE
r-oldrel-macos-arm64 0.1.1 17.00 NOTE
r-oldrel-macos-x86_64 0.1.1 25.00 NOTE
r-oldrel-windows-x86_64 0.1.1 4.00 51.00 55.00 NOTE

Check Details

Version: 0.1.1
Check: LazyData
Result: NOTE 'LazyData' is specified without a 'data' directory Flavors: r-patched-linux-x86_64, r-release-linux-x86_64, r-release-macos-arm64, r-release-macos-x86_64, r-release-windows-x86_64, r-oldrel-macos-arm64, r-oldrel-macos-x86_64, r-oldrel-windows-x86_64

These binaries (installable software) and packages are in development.
They may not be fully stable and should be used with caution. We make no claims about them.