Last updated on 2025-05-08 04:52:13 CEST.
Flavor | Version | Tinstall | Tcheck | Ttotal | Status | Flags |
---|---|---|---|---|---|---|
r-devel-linux-x86_64-debian-clang | 0.1.1 | 2.16 | 24.57 | 26.73 | NOTE | |
r-devel-linux-x86_64-debian-gcc | 0.1.1 | 1.72 | 18.98 | 20.70 | NOTE | |
r-devel-linux-x86_64-fedora-clang | 0.1.1 | 43.28 | OK | |||
r-devel-linux-x86_64-fedora-gcc | 0.1.1 | 40.71 | OK | |||
r-devel-windows-x86_64 | 0.1.1 | 3.00 | 51.00 | 54.00 | OK | |
r-patched-linux-x86_64 | 0.1.1 | 2.42 | 23.57 | 25.99 | OK | |
r-release-linux-x86_64 | 0.1.1 | 2.40 | 23.46 | 25.86 | OK | |
r-release-macos-arm64 | 0.1.1 | 19.00 | OK | |||
r-release-macos-x86_64 | 0.1.1 | 28.00 | OK | |||
r-release-windows-x86_64 | 0.1.1 | 4.00 | 53.00 | 57.00 | OK | |
r-oldrel-macos-arm64 | 0.1.1 | 17.00 | NOTE | |||
r-oldrel-macos-x86_64 | 0.1.1 | 27.00 | NOTE | |||
r-oldrel-windows-x86_64 | 0.1.1 | 3.00 | 54.00 | 57.00 | NOTE |
Version: 0.1.1
Check: CRAN incoming feasibility
Result: NOTE
Maintainer: ‘Yalin Zhu <yalin.zhu@outlook.com>’
No Authors@R field in DESCRIPTION.
Please add one, modifying
Authors@R: c(person(given = "Yalin",
family = "Zhu",
role = c("aut", "cre"),
email = "yalin.zhu@outlook.com"),
person(given = "Rui",
family = "Qin",
role = "aut"))
as necessary.
Flavors: r-devel-linux-x86_64-debian-clang, r-devel-linux-x86_64-debian-gcc
Version: 0.1.1
Check: LazyData
Result: NOTE
'LazyData' is specified without a 'data' directory
Flavors: r-oldrel-macos-arm64, r-oldrel-macos-x86_64, r-oldrel-windows-x86_64
These binaries (installable software) and packages are in development.
They may not be fully stable and should be used with caution. We make no claims about them.