Last updated on 2025-05-02 02:51:02 CEST.
Flavor | Version | Tinstall | Tcheck | Ttotal | Status | Flags |
---|---|---|---|---|---|---|
r-devel-linux-x86_64-debian-clang | 2.12.1 | 54.63 | 369.31 | 423.94 | NOTE | |
r-devel-linux-x86_64-debian-gcc | 2.12.1 | 37.62 | 256.11 | 293.73 | OK | |
r-devel-linux-x86_64-fedora-clang | 2.12.1 | 739.52 | OK | |||
r-devel-linux-x86_64-fedora-gcc | 2.12.1 | 702.99 | OK | |||
r-devel-windows-x86_64 | 2.12.1 | 64.00 | 398.00 | 462.00 | OK | |
r-patched-linux-x86_64 | 2.12.1 | 57.75 | 366.56 | 424.31 | OK | |
r-release-linux-x86_64 | OK | |||||
r-release-macos-arm64 | 2.12.1 | 203.00 | OK | |||
r-release-macos-x86_64 | 2.12.1 | 475.00 | OK | |||
r-release-windows-x86_64 | 2.12.1 | 64.00 | 370.00 | 434.00 | OK | |
r-oldrel-macos-arm64 | 2.12.1 | 182.00 | NOTE | |||
r-oldrel-macos-x86_64 | 2.12.1 | 368.00 | NOTE | |||
r-oldrel-windows-x86_64 | 2.12.1 | 74.00 | 476.00 | 550.00 | NOTE |
Version: 2.12.1
Check: examples
Result: NOTE
Examples with CPU (user + system) or elapsed time > 5s
user system elapsed
plot.ancestral 8.277 0.180 10.030
ancestral.pml 4.403 0.241 5.831
Flavor: r-devel-linux-x86_64-debian-clang
Version: 2.12.1
Check: installed package size
Result: NOTE
installed size is 8.2Mb
sub-directories of 1Mb or more:
doc 1.4Mb
libs 4.2Mb
Flavors: r-oldrel-macos-arm64, r-oldrel-macos-x86_64, r-oldrel-windows-x86_64
These binaries (installable software) and packages are in development.
They may not be fully stable and should be used with caution. We make no claims about them.