Last updated on 2025-07-12 19:50:09 CEST.
Flavor | Version | Tinstall | Tcheck | Ttotal | Status | Flags |
---|---|---|---|---|---|---|
r-devel-linux-x86_64-debian-clang | 2.12.1 | 53.58 | 374.04 | 427.62 | OK | |
r-devel-linux-x86_64-debian-gcc | 2.12.1 | 36.44 | 254.55 | 290.99 | OK | |
r-devel-linux-x86_64-fedora-clang | 2.12.1 | 674.82 | OK | |||
r-devel-linux-x86_64-fedora-gcc | 2.12.1 | 648.19 | OK | |||
r-devel-windows-x86_64 | 2.12.1 | 58.00 | 369.00 | 427.00 | OK | |
r-patched-linux-x86_64 | 2.12.1 | 55.25 | 367.57 | 422.82 | OK | |
r-release-linux-x86_64 | 2.12.1 | 55.70 | 368.86 | 424.56 | OK | |
r-release-macos-arm64 | 2.12.1 | 203.00 | OK | |||
r-release-macos-x86_64 | 2.12.1 | 475.00 | OK | |||
r-release-windows-x86_64 | 2.12.1 | 61.00 | 382.00 | 443.00 | OK | |
r-oldrel-macos-arm64 | 2.12.1 | 182.00 | NOTE | |||
r-oldrel-macos-x86_64 | 2.12.1 | 368.00 | NOTE | |||
r-oldrel-windows-x86_64 | 2.12.1 | 80.00 | 478.00 | 558.00 | NOTE |
Version: 2.12.1
Check: installed package size
Result: NOTE
installed size is 8.2Mb
sub-directories of 1Mb or more:
doc 1.4Mb
libs 4.2Mb
Flavors: r-oldrel-macos-arm64, r-oldrel-macos-x86_64, r-oldrel-windows-x86_64
These binaries (installable software) and packages are in development.
They may not be fully stable and should be used with caution. We make no claims about them.