Last updated on 2025-10-23 11:50:22 CEST.
Flavor | Version | Tinstall | Tcheck | Ttotal | Status | Flags |
---|---|---|---|---|---|---|
r-devel-linux-x86_64-debian-clang | 1.2.0 | 165.72 | 134.60 | 300.32 | OK | |
r-devel-linux-x86_64-debian-gcc | 1.2.0 | 117.93 | 88.54 | 206.47 | OK | |
r-devel-linux-x86_64-fedora-clang | 1.2.0 | 600.00 | -103.61 | 496.39 | OK | |
r-devel-linux-x86_64-fedora-gcc | 1.2.0 | 427.00 | 40.45 | 467.45 | OK | |
r-devel-windows-x86_64 | 1.2.0 | 180.00 | 150.00 | 330.00 | OK | |
r-patched-linux-x86_64 | 1.2.0 | 173.88 | 136.95 | 310.83 | OK | |
r-release-linux-x86_64 | 1.2.0 | 170.53 | 134.12 | 304.65 | OK | |
r-release-macos-arm64 | 1.2.0 | 119.00 | 78.00 | 197.00 | OK | |
r-release-macos-x86_64 | 1.2.0 | 309.00 | 207.00 | 516.00 | OK | |
r-release-windows-x86_64 | 1.2.0 | 179.00 | 151.00 | 330.00 | OK | |
r-oldrel-macos-arm64 | 1.2.0 | 113.00 | 81.00 | 194.00 | NOTE | |
r-oldrel-macos-x86_64 | 1.2.0 | 310.00 | 199.00 | 509.00 | NOTE | |
r-oldrel-windows-x86_64 | 1.2.0 | 262.00 | 217.00 | 479.00 | OK |
Version: 1.2.0
Check: installed package size
Result: NOTE
installed size is 5.4Mb
sub-directories of 1Mb or more:
data 4.3Mb
Flavors: r-oldrel-macos-arm64, r-oldrel-macos-x86_64
These binaries (installable software) and packages are in development.
They may not be fully stable and should be used with caution. We make no claims about them.