CRAN Package Check Results for Package phase

Last updated on 2025-10-31 13:50:58 CET.

Flavor Version Tinstall Tcheck Ttotal Status Flags
r-devel-linux-x86_64-debian-clang 1.2.9 13.85 126.94 140.79 NOTE
r-devel-linux-x86_64-debian-gcc 1.2.9 9.57 89.94 99.51 NOTE
r-devel-linux-x86_64-fedora-clang 1.2.9 34.00 178.20 212.20 NOTE
r-devel-linux-x86_64-fedora-gcc 1.2.9 33.00 177.30 210.30 NOTE
r-devel-windows-x86_64 1.2.9 16.00 125.00 141.00 NOTE
r-patched-linux-x86_64 1.2.9 13.43 122.42 135.85 NOTE
r-release-linux-x86_64 1.2.9 14.42 122.21 136.63 NOTE
r-release-macos-arm64 1.2.9 5.00 58.00 63.00 NOTE
r-release-macos-x86_64 1.2.9 11.00 110.00 121.00 NOTE
r-release-windows-x86_64 1.2.9 15.00 128.00 143.00 NOTE
r-oldrel-macos-arm64 1.2.9 5.00 44.00 49.00 NOTE
r-oldrel-macos-x86_64 1.2.9 9.00 69.00 78.00 NOTE
r-oldrel-windows-x86_64 1.2.9 20.00 166.00 186.00 NOTE

Check Details

Version: 1.2.9
Check: Rd files
Result: NOTE checkRd: (-1) rosePlotsAct.Rd:19: Lost braces; missing escapes or markup? 19 | A \code{plotly} {htmlwidget} with rose plots for locomotor activity. | ^ checkRd: (-1) rosePlotsSleep.Rd:19: Lost braces; missing escapes or markup? 19 | #' @return A \code{plotly} {htmlwidget} with rose plots for sleep data. | ^ Flavors: r-devel-linux-x86_64-debian-clang, r-devel-linux-x86_64-debian-gcc, r-devel-linux-x86_64-fedora-clang, r-devel-linux-x86_64-fedora-gcc, r-devel-windows-x86_64, r-patched-linux-x86_64, r-release-linux-x86_64, r-release-macos-arm64, r-release-macos-x86_64, r-release-windows-x86_64, r-oldrel-macos-arm64, r-oldrel-macos-x86_64, r-oldrel-windows-x86_64

These binaries (installable software) and packages are in development.
They may not be fully stable and should be used with caution. We make no claims about them.