Last updated on 2025-05-01 14:49:17 CEST.
Flavor | Version | Tinstall | Tcheck | Ttotal | Status | Flags |
---|---|---|---|---|---|---|
r-devel-linux-x86_64-debian-clang | 1.0.2 | 9.08 | 66.45 | 75.53 | NOTE | |
r-devel-linux-x86_64-debian-gcc | 1.0.2 | 5.74 | 47.12 | 52.86 | NOTE | |
r-devel-linux-x86_64-fedora-clang | 1.0.2 | 113.91 | OK | |||
r-devel-linux-x86_64-fedora-gcc | 1.0.2 | 106.06 | OK | |||
r-devel-windows-x86_64 | 1.0.2 | 10.00 | 88.00 | 98.00 | OK | |
r-patched-linux-x86_64 | 1.0.2 | 8.79 | 62.38 | 71.17 | OK | |
r-release-linux-x86_64 | OK | |||||
r-release-macos-arm64 | 1.0.2 | 33.00 | OK | |||
r-release-macos-x86_64 | 1.0.2 | 60.00 | OK | |||
r-release-windows-x86_64 | 1.0.2 | 12.00 | 91.00 | 103.00 | OK | |
r-oldrel-macos-arm64 | 1.0.2 | 30.00 | OK | |||
r-oldrel-macos-x86_64 | 1.0.2 | 49.00 | OK | |||
r-oldrel-windows-x86_64 | 1.0.2 | 13.00 | 97.00 | 110.00 | OK |
Version: 1.0.2
Check: CRAN incoming feasibility
Result: NOTE
Maintainer: ‘Lu Zhang <luzhangstat@gmail.com>’
No Authors@R field in DESCRIPTION.
Please add one, modifying
Authors@R: c(person(given = "Lu",
family = "Zhang",
role = c("aut", "cre"),
email = "luzhangstat@gmail.com"),
person(given = "Jun",
family = "Yin",
role = "aut"))
as necessary.
Flavors: r-devel-linux-x86_64-debian-clang, r-devel-linux-x86_64-debian-gcc
These binaries (installable software) and packages are in development.
They may not be fully stable and should be used with caution. We make no claims about them.