Last updated on 2025-07-26 07:50:30 CEST.
Flavor | Version | Tinstall | Tcheck | Ttotal | Status | Flags |
---|---|---|---|---|---|---|
r-devel-linux-x86_64-debian-clang | 1.0.9 | 9.65 | 62.75 | 72.40 | NOTE | |
r-devel-linux-x86_64-debian-gcc | 1.0.9 | 6.42 | 45.03 | 51.45 | NOTE | |
r-devel-linux-x86_64-fedora-clang | 1.0.9 | 103.71 | OK | |||
r-devel-linux-x86_64-fedora-gcc | 1.0.9 | 103.10 | OK | |||
r-devel-windows-x86_64 | 1.0.9 | 11.00 | 84.00 | 95.00 | OK | |
r-patched-linux-x86_64 | 1.0.9 | 10.08 | 57.35 | 67.43 | OK | |
r-release-linux-x86_64 | 1.0.9 | 9.74 | 57.59 | 67.33 | OK | |
r-release-macos-arm64 | 1.0.9 | 31.00 | OK | |||
r-release-macos-x86_64 | 1.0.9 | 55.00 | OK | |||
r-release-windows-x86_64 | 1.0.9 | 12.00 | 73.00 | 85.00 | OK | |
r-oldrel-macos-arm64 | 1.0.9 | 28.00 | OK | |||
r-oldrel-macos-x86_64 | 1.0.9 | 46.00 | OK | |||
r-oldrel-windows-x86_64 | 1.0.9 | 15.00 | 88.00 | 103.00 | OK |
Version: 1.0.9
Check: CRAN incoming feasibility
Result: NOTE
Maintainer: ‘Jun Yin <vivien.jyin@gmail.com>’
No Authors@R field in DESCRIPTION.
Please add one, modifying
Authors@R: c(person(given = "Jun",
family = "Yin",
role = c("aut", "cre"),
email = "vivien.jyin@gmail.com"),
person(given = "Yu",
family = "Du",
role = "aut"),
person(given = "Sumithra",
family = "Mandrekar",
role = "aut"))
as necessary.
Flavors: r-devel-linux-x86_64-debian-clang, r-devel-linux-x86_64-debian-gcc
These binaries (installable software) and packages are in development.
They may not be fully stable and should be used with caution. We make no claims about them.