Last updated on 2025-05-01 08:52:41 CEST.
Flavor | Version | Tinstall | Tcheck | Ttotal | Status | Flags |
---|---|---|---|---|---|---|
r-devel-linux-x86_64-debian-clang | 0.1.0 | 3.54 | 31.63 | 35.17 | NOTE | |
r-devel-linux-x86_64-debian-gcc | 0.1.0 | 2.45 | 25.03 | 27.48 | OK | |
r-devel-linux-x86_64-fedora-clang | 0.1.0 | 59.14 | NOTE | |||
r-devel-linux-x86_64-fedora-gcc | 0.1.0 | 51.97 | NOTE | |||
r-devel-windows-x86_64 | 0.1.0 | 6.00 | 54.00 | 60.00 | OK | |
r-patched-linux-x86_64 | 0.1.0 | 3.27 | 30.42 | 33.69 | OK | |
r-release-linux-x86_64 | OK | |||||
r-release-macos-arm64 | 0.1.0 | 22.00 | OK | |||
r-release-macos-x86_64 | 0.1.0 | 33.00 | OK | |||
r-release-windows-x86_64 | 0.1.0 | 7.00 | 54.00 | 61.00 | OK | |
r-oldrel-macos-arm64 | 0.1.0 | 20.00 | OK | |||
r-oldrel-macos-x86_64 | 0.1.0 | 27.00 | OK | |||
r-oldrel-windows-x86_64 | 0.1.0 | 7.00 | 61.00 | 68.00 | OK |
Version: 0.1.0
Check: examples
Result: NOTE
Examples with CPU (user + system) or elapsed time > 5s
user system elapsed
ph_ctrl 3.999 0.235 5.694
Flavor: r-devel-linux-x86_64-debian-clang
Version: 0.1.0
Check: examples
Result: NA
user system elapsed
ph_ctrl 3.356 0.364 5.512
OK
Flavor: r-devel-linux-x86_64-debian-gcc
Version: 0.1.0
Check: dependencies in R code
Result: NOTE
Namespaces in Imports field not imported from:
‘C50’ ‘HDclassif’ ‘MASS’ ‘MLmetrics’ ‘Matrix’ ‘adabag’ ‘base’
‘caTools’ ‘e1071’ ‘earth’ ‘evtree’ ‘frbs’ ‘glmnet’ ‘hda’ ‘ipred’
‘kernlab’ ‘kknn’ ‘klaR’ ‘mda’ ‘nnet’ ‘party’ ‘pls’ ‘randomForest’
‘rpartScore’ ‘sparseLDA’ ‘themis’
All declared Imports should be used.
Flavors: r-devel-linux-x86_64-fedora-clang, r-devel-linux-x86_64-fedora-gcc
These binaries (installable software) and packages are in development.
They may not be fully stable and should be used with caution. We make no claims about them.