CRAN Package Check Results for Package phenex

Last updated on 2025-05-21 21:49:26 CEST.

Flavor Version Tinstall Tcheck Ttotal Status Flags
r-devel-linux-x86_64-debian-clang 1.4-5 5.57 37.46 43.03 NOTE
r-devel-linux-x86_64-debian-gcc 1.4-5 4.14 27.93 32.07 NOTE
r-devel-linux-x86_64-fedora-clang 1.4-5 68.29 OK
r-devel-linux-x86_64-fedora-gcc 1.4-5 65.59 OK
r-devel-windows-x86_64 1.4-5 12.00 72.00 84.00 OK
r-patched-linux-x86_64 1.4-5 5.99 36.06 42.05 OK
r-release-linux-x86_64 1.4-5 5.39 35.75 41.14 OK
r-release-macos-arm64 1.4-5 27.00 OK
r-release-macos-x86_64 1.4-5 42.00 OK
r-release-windows-x86_64 1.4-5 12.00 80.00 92.00 OK
r-oldrel-macos-arm64 1.4-5 24.00 OK
r-oldrel-macos-x86_64 1.4-5 34.00 OK
r-oldrel-windows-x86_64 1.4-5 13.00 71.00 84.00 OK

Check Details

Version: 1.4-5
Check: CRAN incoming feasibility
Result: NOTE Maintainer: ‘Daniel Doktor <daniel.doktor@ufz.de>’ No Authors@R field in DESCRIPTION. Please add one, modifying Authors@R: c(person(given = "Maximilian", family = "Lange", role = "aut"), person(given = "Daniel", family = "Doktor", role = c("aut", "cre"), email = "daniel.doktor@ufz.de")) as necessary. Flavors: r-devel-linux-x86_64-debian-clang, r-devel-linux-x86_64-debian-gcc

These binaries (installable software) and packages are in development.
They may not be fully stable and should be used with caution. We make no claims about them.