CRAN Package Check Results for Package phenex

Last updated on 2025-11-11 15:50:42 CET.

Flavor Version Tinstall Tcheck Ttotal Status Flags
r-devel-linux-x86_64-debian-clang 1.4-5 5.08 39.48 44.56 NOTE
r-devel-linux-x86_64-debian-gcc 1.4-5 3.71 28.64 32.35 NOTE
r-devel-linux-x86_64-fedora-clang 1.4-5 11.00 57.16 68.16 OK
r-devel-linux-x86_64-fedora-gcc 1.4-5 14.00 45.84 59.84 OK
r-devel-windows-x86_64 1.4-5 11.00 59.00 70.00 OK
r-patched-linux-x86_64 1.4-5 5.30 37.09 42.39 OK
r-release-linux-x86_64 1.4-5 4.72 37.69 42.41 OK
r-release-macos-arm64 1.4-5 4.00 23.00 27.00 OK
r-release-macos-x86_64 1.4-5 6.00 36.00 42.00 OK
r-release-windows-x86_64 1.4-5 14.00 61.00 75.00 OK
r-oldrel-macos-arm64 1.4-5 4.00 20.00 24.00 OK
r-oldrel-macos-x86_64 1.4-5 5.00 29.00 34.00 OK
r-oldrel-windows-x86_64 1.4-5 13.00 68.00 81.00 OK

Check Details

Version: 1.4-5
Check: CRAN incoming feasibility
Result: NOTE Maintainer: ‘Daniel Doktor <daniel.doktor@ufz.de>’ No Authors@R field in DESCRIPTION. Please add one, modifying Authors@R: c(person(given = "Maximilian", family = "Lange", role = "aut"), person(given = "Daniel", family = "Doktor", role = c("aut", "cre"), email = "daniel.doktor@ufz.de")) as necessary. Flavors: r-devel-linux-x86_64-debian-clang, r-devel-linux-x86_64-debian-gcc

These binaries (installable software) and packages are in development.
They may not be fully stable and should be used with caution. We make no claims about them.