CRAN Package Check Results for Package phenmod

Last updated on 2025-10-03 13:49:43 CEST.

Flavor Version Tinstall Tcheck Ttotal Status Flags
r-devel-linux-x86_64-debian-clang 1.2-7 12.19 92.05 104.24 NOTE
r-devel-linux-x86_64-debian-gcc 1.2-7 8.35 66.75 75.10 NOTE
r-devel-linux-x86_64-fedora-clang 1.2-7 153.40 OK
r-devel-linux-x86_64-fedora-gcc 1.2-7 148.21 OK
r-devel-windows-x86_64 1.2-7 16.00 102.00 118.00 OK
r-patched-linux-x86_64 1.2-7 10.58 86.94 97.52 OK
r-release-linux-x86_64 1.2-7 9.66 87.61 97.27 OK
r-release-macos-arm64 1.2-7 50.00 OK
r-release-macos-x86_64 1.2-7 87.00 OK
r-release-windows-x86_64 1.2-7 16.00 102.00 118.00 OK
r-oldrel-macos-arm64 1.2-7 41.00 OK
r-oldrel-macos-x86_64 1.2-7 68.00 OK
r-oldrel-windows-x86_64 1.2-7 19.00 131.00 150.00 OK

Check Details

Version: 1.2-7
Check: CRAN incoming feasibility
Result: NOTE Maintainer: ‘Maximilian Lange <maximilian.lange@ufz.de>’ No Authors@R field in DESCRIPTION. Please add one, modifying Authors@R: person(given = "Maximilian", family = "Lange", role = c("aut", "cre"), email = "maximilian.lange@ufz.de") as necessary. Flavors: r-devel-linux-x86_64-debian-clang, r-devel-linux-x86_64-debian-gcc

These binaries (installable software) and packages are in development.
They may not be fully stable and should be used with caution. We make no claims about them.