Last updated on 2025-05-08 04:52:13 CEST.
Flavor | Version | Tinstall | Tcheck | Ttotal | Status | Flags |
---|---|---|---|---|---|---|
r-devel-linux-x86_64-debian-clang | 1.1.5 | 4.63 | 114.31 | 118.94 | NOTE | |
r-devel-linux-x86_64-debian-gcc | 1.1.5 | 3.28 | 81.17 | 84.45 | NOTE | |
r-devel-linux-x86_64-fedora-clang | 1.1.5 | 184.47 | OK | |||
r-devel-linux-x86_64-fedora-gcc | 1.1.5 | 194.24 | OK | |||
r-devel-windows-x86_64 | 1.1.5 | 6.00 | 144.00 | 150.00 | OK | |
r-patched-linux-x86_64 | 1.1.5 | 3.79 | 107.62 | 111.41 | OK | |
r-release-linux-x86_64 | 1.1.5 | 3.65 | 107.82 | 111.47 | OK | |
r-release-macos-arm64 | 1.1.5 | 93.00 | OK | |||
r-release-macos-x86_64 | 1.1.5 | 188.00 | OK | |||
r-release-windows-x86_64 | 1.1.5 | 7.00 | 138.00 | 145.00 | OK | |
r-oldrel-macos-arm64 | 1.1.5 | 95.00 | OK | |||
r-oldrel-macos-x86_64 | 1.1.5 | 128.00 | OK | |||
r-oldrel-windows-x86_64 | 1.1.5 | 8.00 | 169.00 | 177.00 | OK |
Version: 1.1.5
Check: CRAN incoming feasibility
Result: NOTE
Maintainer: ‘Koen Hufkens <koen.hufkens@gmail.com>’
Package CITATION file contains call(s) to old-style personList() or
as.personList(). Please use c() on person objects instead.
Package CITATION file contains call(s) to old-style citEntry(). Please
use bibentry() instead.
Flavors: r-devel-linux-x86_64-debian-clang, r-devel-linux-x86_64-debian-gcc
These binaries (installable software) and packages are in development.
They may not be fully stable and should be used with caution. We make no claims about them.